CRAN Package Check Results for Package mvoutlier

Last updated on 2025-01-25 19:48:51 CET.

Flavor Version Tinstall Tcheck Ttotal Status Flags
r-devel-linux-x86_64-debian-clang 2.1.1 5.21 39.93 45.14 NOTE
r-devel-linux-x86_64-debian-gcc 2.1.1 3.33 27.95 31.28 NOTE
r-devel-linux-x86_64-fedora-clang 2.1.1 73.66 NOTE
r-devel-linux-x86_64-fedora-gcc 2.1.1 68.08 NOTE
r-devel-windows-x86_64 2.1.1 5.00 66.00 71.00 NOTE
r-patched-linux-x86_64 2.1.1 5.40 37.88 43.28 NOTE
r-release-linux-x86_64 2.1.1 5.01 37.96 42.97 NOTE
r-release-macos-arm64 2.1.1 24.00 NOTE
r-release-macos-x86_64 2.1.1 46.00 NOTE
r-release-windows-x86_64 2.1.1 5.00 63.00 68.00 NOTE
r-oldrel-macos-arm64 2.1.1 27.00 NOTE
r-oldrel-macos-x86_64 2.1.1 37.00 NOTE
r-oldrel-windows-x86_64 2.1.1 5.00 75.00 80.00 NOTE

Check Details

Version: 2.1.1
Check: Rd files
Result: NOTE checkRd: (-1) pkb.Rd:14: Escaped LaTeX specials: \# \# \# Flavors: r-devel-linux-x86_64-debian-clang, r-devel-linux-x86_64-debian-gcc, r-devel-linux-x86_64-fedora-clang, r-devel-linux-x86_64-fedora-gcc, r-devel-windows-x86_64, r-patched-linux-x86_64, r-release-linux-x86_64, r-release-macos-arm64, r-release-macos-x86_64, r-release-windows-x86_64, r-oldrel-macos-arm64, r-oldrel-macos-x86_64, r-oldrel-windows-x86_64