CRAN Package Check Results for Package mxmmod

Last updated on 2021-12-01 19:51:42 CET.

Flavor Version Tinstall Tcheck Ttotal Status Flags
r-devel-linux-x86_64-debian-clang 1.1.0 2.56 69.27 71.83 OK
r-devel-linux-x86_64-debian-gcc 1.1.0 1.91 47.51 49.42 OK
r-devel-linux-x86_64-fedora-clang 1.1.0 91.79 OK
r-devel-linux-x86_64-fedora-gcc 1.1.0 75.59 OK
r-devel-windows-x86_64-new-UL 1.1.0 7.00 104.00 111.00 OK
r-devel-windows-x86_64-new-TK 1.1.0 OK
r-devel-windows-x86_64-old 1.1.0 5.00 67.00 72.00 OK
r-patched-linux-x86_64 1.1.0 2.14 58.62 60.76 OK
r-patched-solaris-x86 1.1.0 75.30 ERROR
r-release-linux-x86_64 1.1.0 2.35 58.64 60.99 OK
r-release-macos-arm64 1.1.0 OK
r-release-macos-x86_64 1.1.0 OK
r-release-windows-ix86+x86_64 1.1.0 6.00 58.00 64.00 OK
r-oldrel-macos-x86_64 1.1.0 OK
r-oldrel-windows-ix86+x86_64 1.1.0 5.00 80.00 85.00 OK

Check Details

Version: 1.1.0
Check: examples
Result: ERROR
    Running examples in ‘mxmmod-Ex.R’ failed
    The error most likely occurred in:
    
    > ### Name: mxMmodModel
    > ### Title: Create an MMOD
    > ### Aliases: mxMmodModel
    >
    > ### ** Examples
    >
    > data(nlsy97depression)
    > # Fit one factor MMOD
    > structure <- list(
    + F1 = c('nervous', 'down', 'depressed', 'calm', 'happy')
    + )
    > mmod_model <- mxMmodModel(data=nlsy97depression,
    + modelName='1 Factor MMOD',
    + idvar='pid', timevar='occasion', structure=structure)
    Warning in mxMmodModel(data = nlsy97depression, modelName = "1 Factor MMOD", :
     Missing values detected; omitting them.
    > mmod_fit <- OpenMx::mxRun(mmod_model)
    Running 1 Factor MMOD with 33 parameters
    
     *** caught segfault ***
    address 1f999438, cause 'memory not mapped'
    
    Traceback:
     1: runHelper(model, frontendStart, intervals, silent, suppressWarnings, unsafe, checkpoint, useSocket, onlyFrontend, useOptimizer, beginMessage)
     2: OpenMx::mxRun(mmod_model)
    An irrecoverable exception occurred. R is aborting now ...
Flavor: r-patched-solaris-x86

Version: 1.1.0
Check: tests
Result: ERROR
     Running ‘testthat.R’ [0m/180m]
    Running the tests in ‘tests/testthat.R’ failed.
    Complete output:
     > library(testthat)
     > library(mxmmod)
     >
     > test_check("mxmmod")
    
     *** caught segfault ***
     address 66666666, cause 'memory not mapped'
Flavor: r-patched-solaris-x86