Last updated on 2023-02-07 19:58:16 CET.
Flavor | Version | Tinstall | Tcheck | Ttotal | Status | Flags |
---|---|---|---|---|---|---|
r-devel-linux-x86_64-debian-clang | 1.0.2 | 14.55 | 200.36 | 214.91 | OK | |
r-devel-linux-x86_64-debian-gcc | 1.0.2 | 12.58 | 147.30 | 159.88 | OK | |
r-devel-linux-x86_64-fedora-clang | 1.0.2 | 270.20 | NOTE | |||
r-devel-linux-x86_64-fedora-gcc | 1.0.2 | 262.10 | NOTE | |||
r-devel-windows-x86_64 | 1.0.2 | 35.00 | 244.00 | 279.00 | OK | |
r-patched-linux-x86_64 | 1.0.2 | 9.65 | 189.77 | 199.42 | OK | |
r-release-linux-x86_64 | 1.0.2 | 10.34 | 191.52 | 201.86 | OK | |
r-release-macos-arm64 | 1.0.2 | 81.00 | NOTE | |||
r-release-macos-x86_64 | 1.0.2 | 106.00 | NOTE | |||
r-release-windows-x86_64 | 1.0.2 | 37.00 | 268.00 | 305.00 | OK | |
r-oldrel-macos-arm64 | 1.0.2 | 74.00 | NOTE | |||
r-oldrel-macos-x86_64 | 1.0.2 | 103.00 | NOTE | |||
r-oldrel-windows-ix86+x86_64 | 1.0.2 | 41.00 | 259.00 | 300.00 | OK |
Version: 1.0.2
Check: dependencies in R code
Result: NOTE
Namespaces in Imports field not imported from:
‘e1071’ ‘glue’
All declared Imports should be used.
Flavors: r-devel-linux-x86_64-fedora-clang, r-devel-linux-x86_64-fedora-gcc, r-release-macos-arm64, r-release-macos-x86_64, r-oldrel-macos-arm64, r-oldrel-macos-x86_64