CRAN Package Check Results for Package myTAI

Last updated on 2022-08-11 21:50:10 CEST.

Flavor Version Tinstall Tcheck Ttotal Status Flags
r-devel-linux-x86_64-debian-clang 0.9.3 32.27 199.34 231.61 OK
r-devel-linux-x86_64-debian-gcc 0.9.3 22.75 156.96 179.71 OK
r-devel-linux-x86_64-fedora-clang 0.9.3 331.14 OK
r-devel-linux-x86_64-fedora-gcc 0.9.3 303.39 OK
r-devel-windows-x86_64 0.9.3 73.00 291.00 364.00 OK
r-patched-linux-x86_64 0.9.3 28.10 192.70 220.80 OK
r-release-linux-x86_64 0.9.3 26.61 194.56 221.17 OK
r-release-macos-arm64 0.9.3 101.00 OK
r-release-macos-x86_64 0.9.3 166.00 OK
r-release-windows-x86_64 0.9.3 58.00 291.00 349.00 OK
r-oldrel-macos-arm64 0.9.3 135.00 OK
r-oldrel-macos-x86_64 0.9.3 180.00 OK
r-oldrel-windows-ix86+x86_64 0.9.3 80.00 429.00 509.00 NOTE

Check Details

Version: 0.9.3
Check: installed package size
Result: NOTE
     installed size is 5.6Mb
     sub-directories of 1Mb or more:
     data 2.0Mb
     doc 1.1Mb
     libs 2.1Mb
Flavor: r-oldrel-windows-ix86+x86_64