CRAN Package Check Results for Package nCov2019

Last updated on 2021-12-08 19:51:40 CET.

Flavor Version Tinstall Tcheck Ttotal Status Flags
r-devel-linux-x86_64-debian-clang 0.4.5 5.47 92.39 97.86 OK
r-devel-linux-x86_64-debian-gcc 0.4.5 3.96 72.33 76.29 OK
r-devel-linux-x86_64-fedora-clang 0.4.5 119.40 NOTE
r-devel-linux-x86_64-fedora-gcc 0.4.5 108.43 OK
r-devel-windows-x86_64-new-UL 0.4.5 16.00 162.00 178.00 NOTE
r-devel-windows-x86_64-new-TK 0.4.5 OK
r-devel-windows-x86_64-old 0.4.5 11.00 97.00 108.00 NOTE
r-patched-linux-x86_64 0.4.5 5.14 87.27 92.41 OK
r-release-linux-x86_64 0.4.5 5.40 87.40 92.80 OK
r-release-macos-arm64 0.4.5 NOTE
r-release-macos-x86_64 0.4.5 NOTE
r-release-windows-ix86+x86_64 0.4.5 12.00 115.00 127.00 NOTE
r-oldrel-macos-x86_64 0.4.5 NOTE
r-oldrel-windows-ix86+x86_64 0.4.5 15.00 126.00 141.00 NOTE

Check Details

Version: 0.4.5
Check: installed package size
Result: NOTE
     installed size is 6.4Mb
     sub-directories of 1Mb or more:
     doc 5.4Mb
Flavors: r-devel-linux-x86_64-fedora-clang, r-devel-windows-x86_64-new-UL, r-devel-windows-x86_64-old, r-release-macos-arm64, r-release-macos-x86_64, r-release-windows-ix86+x86_64, r-oldrel-macos-x86_64, r-oldrel-windows-ix86+x86_64