CRAN Package Check Results for Package nLTT

Last updated on 2021-12-08 19:51:40 CET.

Flavor Version Tinstall Tcheck Ttotal Status Flags
r-devel-linux-x86_64-debian-clang 1.4.3 3.16 87.52 90.68 OK
r-devel-linux-x86_64-debian-gcc 1.4.3 1.97 64.70 66.67 OK
r-devel-linux-x86_64-fedora-clang 1.4.3 109.54 NOTE
r-devel-linux-x86_64-fedora-gcc 1.4.3 99.48 NOTE
r-devel-windows-x86_64-new-UL 1.4.3 11.00 139.00 150.00 OK
r-devel-windows-x86_64-new-TK 1.4.3 NOTE
r-devel-windows-x86_64-old 1.4.3 6.00 82.00 88.00 OK
r-patched-linux-x86_64 1.4.3 3.80 89.41 93.21 OK
r-release-linux-x86_64 1.4.3 3.38 88.85 92.23 OK
r-release-macos-arm64 1.4.3 NOTE
r-release-macos-x86_64 1.4.3 NOTE
r-release-windows-ix86+x86_64 1.4.3 6.00 118.00 124.00 OK
r-oldrel-macos-x86_64 1.4.3 NOTE
r-oldrel-windows-ix86+x86_64 1.4.3 7.00 113.00 120.00 OK

Check Details

Version: 1.4.3
Check: dependencies in R code
Result: NOTE
    Namespace in Imports field not imported from: ‘deSolve’
     All declared Imports should be used.
Flavors: r-devel-linux-x86_64-fedora-clang, r-devel-linux-x86_64-fedora-gcc, r-devel-windows-x86_64-new-TK, r-release-macos-arm64, r-release-macos-x86_64, r-oldrel-macos-x86_64