CRAN Package Check Results for Package naaccr

Last updated on 2022-05-22 21:53:55 CEST.

Flavor Version Tinstall Tcheck Ttotal Status Flags
r-devel-linux-x86_64-debian-clang 1.0.0 4.57 123.01 127.58 OK
r-devel-linux-x86_64-debian-gcc 1.0.0 3.10 95.54 98.64 OK
r-devel-linux-x86_64-fedora-clang 1.0.0 121.93 NOTE
r-devel-linux-x86_64-fedora-gcc 1.0.0 95.96 NOTE
r-devel-windows-x86_64 1.0.0 32.00 101.00 133.00 OK
r-patched-linux-x86_64 1.0.0 3.92 96.64 100.56 OK
r-release-linux-x86_64 1.0.0 3.34 97.49 100.83 OK
r-release-macos-arm64 1.0.0 26.00 NOTE
r-release-macos-x86_64 1.0.0 40.00 NOTE
r-release-windows-x86_64 1.0.0 33.00 103.00 136.00 OK
r-oldrel-macos-arm64 1.0.0 35.00 NOTE
r-oldrel-macos-x86_64 1.0.0 60.00 NOTE
r-oldrel-windows-ix86+x86_64 1.0.0 9.00 93.00 102.00 OK

Check Details

Version: 1.0.0
Check: data for non-ASCII characters
Result: NOTE
     Note: found 50 marked UTF-8 strings
Flavors: r-devel-linux-x86_64-fedora-clang, r-devel-linux-x86_64-fedora-gcc, r-release-macos-arm64, r-release-macos-x86_64, r-oldrel-macos-arm64, r-oldrel-macos-x86_64