Last updated on 2023-02-06 19:54:29 CET.
Flavor | Version | Tinstall | Tcheck | Ttotal | Status | Flags |
---|---|---|---|---|---|---|
r-devel-linux-x86_64-debian-clang | 0.9.0 | 5.68 | 46.38 | 52.06 | NOTE | |
r-devel-linux-x86_64-debian-gcc | 0.9.0 | 4.66 | 34.06 | 38.72 | NOTE | |
r-devel-linux-x86_64-fedora-clang | 0.9.0 | 71.42 | NOTE | |||
r-devel-linux-x86_64-fedora-gcc | 0.9.0 | 60.60 | NOTE | |||
r-devel-windows-x86_64 | 0.9.0 | 14.00 | 79.00 | 93.00 | NOTE | |
r-patched-linux-x86_64 | 0.9.0 | 5.33 | 43.61 | 48.94 | NOTE | |
r-release-linux-x86_64 | 0.9.0 | 5.02 | 44.41 | 49.43 | NOTE | |
r-release-macos-arm64 | 0.9.0 | 23.00 | NOTE | |||
r-release-macos-x86_64 | 0.9.0 | 45.00 | NOTE | |||
r-release-windows-x86_64 | 0.9.0 | 13.00 | 89.00 | 102.00 | NOTE | |
r-oldrel-macos-arm64 | 0.9.0 | 28.00 | NOTE | |||
r-oldrel-macos-x86_64 | 0.9.0 | 46.00 | NOTE | |||
r-oldrel-windows-ix86+x86_64 | 0.9.0 | 13.00 | 70.00 | 83.00 | NOTE |
Version: 0.9.0
Check: LazyData
Result: NOTE
'LazyData' is specified without a 'data' directory
Flavors: r-devel-linux-x86_64-debian-clang, r-devel-linux-x86_64-debian-gcc, r-devel-linux-x86_64-fedora-clang, r-devel-linux-x86_64-fedora-gcc, r-devel-windows-x86_64, r-patched-linux-x86_64, r-release-linux-x86_64, r-release-macos-arm64, r-release-macos-x86_64, r-release-windows-x86_64, r-oldrel-macos-arm64, r-oldrel-macos-x86_64, r-oldrel-windows-ix86+x86_64