Last updated on 2021-02-28 19:48:05 CET.
Flavor | Version | Tinstall | Tcheck | Ttotal | Status | Flags |
---|---|---|---|---|---|---|
r-devel-linux-x86_64-debian-clang | 0.5.1 | OK | ||||
r-devel-linux-x86_64-debian-gcc | 0.5.1 | 1.67 | 18.85 | 20.52 | OK | |
r-devel-linux-x86_64-fedora-clang | 0.5.1 | 41.35 | OK | |||
r-devel-linux-x86_64-fedora-gcc | 0.5.1 | 31.07 | OK | |||
r-devel-windows-ix86+x86_64 | 0.5.1 | 5.00 | 34.00 | 39.00 | OK | |
r-patched-linux-x86_64 | 0.5.1 | 2.17 | 23.26 | 25.43 | OK | |
r-patched-solaris-x86 | 0.5.1 | 48.10 | OK | |||
r-release-linux-x86_64 | 0.5.1 | 1.98 | 23.12 | 25.10 | OK | |
r-release-macos-x86_64 | 0.5.1 | OK | ||||
r-release-windows-ix86+x86_64 | 0.5.1 | 12.00 | 10.00 | 22.00 | ERROR | |
r-oldrel-macos-x86_64 | 0.5.1 | OK | ||||
r-oldrel-windows-ix86+x86_64 | 0.5.1 | 4.00 | 39.00 | 43.00 | OK |
Version: 0.5.1
Check: whether package can be installed
Result: ERROR
Installation failed.
See 'd:/Rcompile/CRANpkg/local/4.0/nat.utils.Rcheck/00install.out'* DONE
Flavor: r-release-windows-ix86+x86_64