CRAN Package Check Results for Package neighbr

Last updated on 2022-06-27 21:51:25 CEST.

Flavor Version Tinstall Tcheck Ttotal Status Flags
r-devel-linux-x86_64-debian-clang 1.0.3 2.04 35.38 37.42 NOTE
r-devel-linux-x86_64-debian-gcc 1.0.3 1.60 26.80 28.40 NOTE
r-devel-linux-x86_64-fedora-clang 1.0.3 55.39 NOTE
r-devel-linux-x86_64-fedora-gcc 1.0.3 54.99 NOTE
r-devel-windows-x86_64 1.0.3 15.00 63.00 78.00 NOTE
r-patched-linux-x86_64 1.0.3 1.78 34.10 35.88 NOTE
r-release-linux-x86_64 1.0.3 2.09 34.64 36.73 NOTE
r-release-macos-arm64 1.0.3 18.00 NOTE
r-release-macos-x86_64 1.0.3 26.00 NOTE
r-release-windows-x86_64 1.0.3 15.00 60.00 75.00 NOTE
r-oldrel-macos-arm64 1.0.3 23.00 NOTE
r-oldrel-macos-x86_64 1.0.3 36.00 NOTE
r-oldrel-windows-ix86+x86_64 1.0.3 5.00 56.00 61.00 NOTE

Check Details

Version: 1.0.3
Check: LazyData
Result: NOTE
     'LazyData' is specified without a 'data' directory
Flavors: r-devel-linux-x86_64-debian-clang, r-devel-linux-x86_64-debian-gcc, r-devel-linux-x86_64-fedora-clang, r-devel-linux-x86_64-fedora-gcc, r-devel-windows-x86_64, r-patched-linux-x86_64, r-release-linux-x86_64, r-release-macos-arm64, r-release-macos-x86_64, r-release-windows-x86_64, r-oldrel-macos-arm64, r-oldrel-macos-x86_64, r-oldrel-windows-ix86+x86_64