Last updated on 2023-01-31 19:56:29 CET.
Flavor | Version | Tinstall | Tcheck | Ttotal | Status | Flags |
---|---|---|---|---|---|---|
r-devel-linux-x86_64-debian-clang | 1.0.3 | 2.36 | 36.35 | 38.71 | NOTE | |
r-devel-linux-x86_64-debian-gcc | 1.0.3 | 1.41 | 26.69 | 28.10 | NOTE | |
r-devel-linux-x86_64-fedora-clang | 1.0.3 | 48.40 | NOTE | |||
r-devel-linux-x86_64-fedora-gcc | 1.0.3 | 58.88 | NOTE | |||
r-devel-windows-x86_64 | 1.0.3 | 16.00 | 65.00 | 81.00 | NOTE | |
r-patched-linux-x86_64 | 1.0.3 | 2.65 | 34.30 | 36.95 | NOTE | |
r-release-linux-x86_64 | 1.0.3 | 2.33 | 34.42 | 36.75 | NOTE | |
r-release-macos-arm64 | 1.0.3 | 18.00 | NOTE | |||
r-release-macos-x86_64 | 1.0.3 | 26.00 | NOTE | |||
r-release-windows-x86_64 | 1.0.3 | 18.00 | 68.00 | 86.00 | NOTE | |
r-oldrel-macos-arm64 | 1.0.3 | 23.00 | NOTE | |||
r-oldrel-macos-x86_64 | 1.0.3 | 36.00 | NOTE | |||
r-oldrel-windows-ix86+x86_64 | 1.0.3 | 7.00 | 62.00 | 69.00 | NOTE |
Version: 1.0.3
Check: LazyData
Result: NOTE
'LazyData' is specified without a 'data' directory
Flavors: r-devel-linux-x86_64-debian-clang, r-devel-linux-x86_64-debian-gcc, r-devel-linux-x86_64-fedora-clang, r-devel-linux-x86_64-fedora-gcc, r-devel-windows-x86_64, r-patched-linux-x86_64, r-release-linux-x86_64, r-release-macos-arm64, r-release-macos-x86_64, r-release-windows-x86_64, r-oldrel-macos-arm64, r-oldrel-macos-x86_64, r-oldrel-windows-ix86+x86_64