CRAN Package Check Results for Package neo2R

Last updated on 2021-12-08 19:51:40 CET.

Flavor Version Tinstall Tcheck Ttotal Status Flags
r-devel-linux-x86_64-debian-clang 2.1.0 2.33 28.80 31.13 NOTE
r-devel-linux-x86_64-debian-gcc 2.1.0 1.51 24.12 25.63 NOTE
r-devel-linux-x86_64-fedora-clang 2.1.0 39.62 NOTE
r-devel-linux-x86_64-fedora-gcc 2.1.0 29.51 NOTE
r-devel-windows-x86_64-new-UL 2.1.0 7.00 55.00 62.00 NOTE
r-devel-windows-x86_64-new-TK 2.1.0 NOTE
r-devel-windows-x86_64-old 2.1.0 5.00 32.00 37.00 NOTE
r-patched-linux-x86_64 2.1.0 2.23 27.92 30.15 NOTE
r-release-linux-x86_64 2.1.0 2.25 28.24 30.49 NOTE
r-release-macos-arm64 2.1.0 NOTE
r-release-macos-x86_64 2.1.0 NOTE
r-release-windows-ix86+x86_64 2.1.0 5.00 37.00 42.00 NOTE
r-oldrel-macos-x86_64 2.1.0 OK
r-oldrel-windows-ix86+x86_64 2.1.0 5.00 36.00 41.00 OK

Check Details

Version: 2.1.0
Check: LazyData
Result: NOTE
     'LazyData' is specified without a 'data' directory
Flavors: r-devel-linux-x86_64-debian-clang, r-devel-linux-x86_64-debian-gcc, r-devel-linux-x86_64-fedora-clang, r-devel-linux-x86_64-fedora-gcc, r-devel-windows-x86_64-new-UL, r-devel-windows-x86_64-new-TK, r-devel-windows-x86_64-old, r-patched-linux-x86_64, r-release-linux-x86_64, r-release-macos-arm64, r-release-macos-x86_64, r-release-windows-ix86+x86_64