CRAN Package Check Results for Package neonUtilities

Last updated on 2024-03-02 19:50:23 CET.

Flavor Version Tinstall Tcheck Ttotal Status Flags
r-devel-linux-x86_64-debian-clang 2.4.1 7.91 62.84 70.75 OK
r-devel-linux-x86_64-debian-gcc 2.4.1 6.08 47.02 53.10 OK
r-devel-linux-x86_64-fedora-clang 2.4.1 91.47 OK
r-devel-linux-x86_64-fedora-gcc 2.4.1 88.07 OK
r-devel-windows-x86_64 2.4.1 8.00 72.00 80.00 OK
r-patched-linux-x86_64 2.4.1 6.75 60.63 67.38 OK
r-release-linux-x86_64 2.4.1 5.36 60.45 65.81 OK
r-release-macos-arm64 2.4.1 37.00 NOTE
r-release-macos-x86_64 2.4.1 63.00 NOTE
r-release-windows-x86_64 2.4.1 12.00 83.00 95.00 OK
r-oldrel-macos-arm64 2.4.1 40.00 OK
r-oldrel-windows-x86_64 2.4.1 11.00 77.00 88.00 OK

Check Details

Version: 2.4.1
Check: package dependencies
Result: NOTE Package suggested but not available for checking: ‘rhdf5’ Flavors: r-release-macos-arm64, r-release-macos-x86_64