Last updated on 2023-11-28 19:55:19 CET.
Flavor | Version | Tinstall | Tcheck | Ttotal | Status | Flags |
---|---|---|---|---|---|---|
r-devel-linux-x86_64-debian-clang | 0.4.4 | 8.69 | 71.14 | 79.83 | OK | |
r-devel-linux-x86_64-debian-gcc | 0.4.4 | 5.89 | 52.99 | 58.88 | OK | |
r-devel-linux-x86_64-fedora-clang | 0.4.4 | 97.58 | OK | |||
r-devel-linux-x86_64-fedora-gcc | 0.4.4 | 92.48 | OK | |||
r-devel-windows-x86_64 | 0.4.4 | 8.00 | 72.00 | 80.00 | OK | |
r-patched-linux-x86_64 | 0.4.4 | 7.50 | 66.80 | 74.30 | OK | |
r-release-linux-x86_64 | 0.4.4 | 8.53 | 67.32 | 75.85 | OK | |
r-release-macos-arm64 | 0.4.4 | 33.00 | NOTE | |||
r-release-macos-x86_64 | 0.4.4 | 49.00 | NOTE | |||
r-release-windows-x86_64 | 0.4.4 | 11.00 | 82.00 | 93.00 | OK | |
r-oldrel-macos-arm64 | 0.4.4 | 27.00 | NOTE | |||
r-oldrel-macos-x86_64 | 0.4.4 | 42.00 | OK | |||
r-oldrel-windows-x86_64 | 0.4.4 | 11.00 | 85.00 | 96.00 | OK |
Version: 0.4.4
Check: package dependencies
Result: NOTE
Package suggested but not available for checking: ‘rhdf5’
Flavors: r-release-macos-arm64, r-release-macos-x86_64, r-oldrel-macos-arm64