Last updated on 2023-06-07 22:02:49 CEST.
Flavor | Version | Tinstall | Tcheck | Ttotal | Status | Flags |
---|---|---|---|---|---|---|
r-devel-linux-x86_64-debian-clang | 1.0 | 10.61 | 61.70 | 72.31 | OK | |
r-devel-linux-x86_64-debian-gcc | 1.0 | 7.28 | 46.54 | 53.82 | OK | |
r-devel-linux-x86_64-fedora-clang | 1.0 | 92.56 | OK | |||
r-devel-linux-x86_64-fedora-gcc | 1.0 | 100.77 | OK | |||
r-devel-windows-x86_64 | 1.0 | 11.00 | 65.00 | 76.00 | OK | |
r-patched-linux-x86_64 | 1.0 | 9.58 | 57.99 | 67.57 | OK | |
r-release-linux-x86_64 | 1.0 | 6.35 | 58.85 | 65.20 | OK | |
r-release-macos-arm64 | 1.0 | 39.00 | OK | |||
r-release-macos-x86_64 | 1.0 | 57.00 | OK | |||
r-release-windows-x86_64 | 1.0 | 13.00 | 72.00 | 85.00 | OK | |
r-oldrel-macos-arm64 | 1.0 | 11.00 | ERROR | |||
r-oldrel-macos-x86_64 | 1.0 | 9.00 | ERROR | |||
r-oldrel-windows-x86_64 | 1.0 | 14.00 | 79.00 | 93.00 | OK |
Version: 1.0
Check: package dependencies
Result: ERROR
Packages required and available but unsuitable versions: 'stats', 'utils'
See section ‘The DESCRIPTION file’ in the ‘Writing R Extensions’
manual.
Flavors: r-oldrel-macos-arm64, r-oldrel-macos-x86_64