CRAN Package Check Results for Package neuroim

Last updated on 2022-01-20 19:51:02 CET.

Flavor Version Tinstall Tcheck Ttotal Status Flags
r-devel-linux-x86_64-debian-clang 0.0.6 OK
r-devel-linux-x86_64-debian-gcc 0.0.6 30.87 124.10 154.97 OK
r-devel-linux-x86_64-fedora-clang 0.0.6 262.33 NOTE
r-devel-linux-x86_64-fedora-gcc 0.0.6 238.17 NOTE
r-devel-windows-x86_64-new-UL 0.0.6 302.00 221.00 523.00 OK
r-devel-windows-x86_64-new-TK 0.0.6 OK
r-patched-linux-x86_64 0.0.6 40.57 152.92 193.49 OK
r-release-linux-x86_64 0.0.6 38.92 153.14 192.06 OK
r-release-macos-arm64 0.0.6 OK
r-release-macos-x86_64 0.0.6 OK
r-release-windows-ix86+x86_64 0.0.6 86.00 255.00 341.00 OK
r-oldrel-macos-x86_64 0.0.6 OK
r-oldrel-windows-ix86+x86_64 0.0.6 87.00 255.00 342.00 OK

Check Details

Version: 0.0.6
Check: compiled code
Result: NOTE
    File ‘neuroim/libs/neuroim.so’:
     Found no calls to: ‘R_registerRoutines’, ‘R_useDynamicSymbols’
    
    It is good practice to register native routines and to disable symbol
    search.
    
    See ‘Writing portable packages’ in the ‘Writing R Extensions’ manual.
Flavors: r-devel-linux-x86_64-fedora-clang, r-devel-linux-x86_64-fedora-gcc