CRAN Package Check Results for Package nflreadr

Last updated on 2021-11-26 20:49:41 CET.

Flavor Version Tinstall Tcheck Ttotal Status Flags
r-devel-linux-x86_64-debian-clang 1.1.1 4.15 42.69 46.84 OK
r-devel-linux-x86_64-debian-gcc 1.1.1 2.49 33.52 36.01 OK
r-devel-linux-x86_64-fedora-clang 1.1.1 72.03 NOTE
r-devel-linux-x86_64-fedora-gcc 1.1.1 55.47 NOTE
r-devel-windows-x86_64-new-UL 1.1.1 15.00 119.00 134.00 OK
r-devel-windows-x86_64-new-TK 1.1.1 NOTE
r-devel-windows-x86_64-old 1.1.1 6.00 89.00 95.00 OK
r-patched-linux-x86_64 1.1.1 4.48 48.36 52.84 OK
r-patched-solaris-x86 1.1.1 88.30 NOTE
r-release-linux-x86_64 1.1.1 OK
r-release-macos-arm64 1.1.1 NOTE
r-release-macos-x86_64 1.1.1 NOTE
r-release-windows-ix86+x86_64 1.1.1 9.00 68.00 77.00 OK
r-oldrel-macos-x86_64 1.1.1 NOTE
r-oldrel-windows-ix86+x86_64 1.1.1 7.00 78.00 85.00 OK

Check Details

Version: 1.1.1
Check: dependencies in R code
Result: NOTE
    Namespaces in Imports field not imported from:
     ‘curl’ ‘qs’
     All declared Imports should be used.
Flavors: r-devel-linux-x86_64-fedora-clang, r-devel-linux-x86_64-fedora-gcc, r-devel-windows-x86_64-new-TK, r-patched-solaris-x86, r-release-macos-arm64, r-release-macos-x86_64, r-oldrel-macos-x86_64

Version: 1.1.1
Check: Rd cross-references
Result: NOTE
    Undeclared package ‘yaml’ in Rd xrefs
Flavor: r-devel-linux-x86_64-fedora-clang