CRAN Package Check Results for Package ngramrr

Last updated on 2022-05-26 21:50:12 CEST.

Flavor Version Tinstall Tcheck Ttotal Status Flags
r-devel-linux-x86_64-debian-clang 0.2.0 2.62 40.70 43.32 NOTE
r-devel-linux-x86_64-debian-gcc 0.2.0 2.28 35.24 37.52 NOTE
r-devel-linux-x86_64-fedora-clang 0.2.0 55.00 NOTE
r-devel-linux-x86_64-fedora-gcc 0.2.0 42.65 NOTE
r-devel-windows-x86_64 0.2.0 12.00 64.00 76.00 NOTE
r-patched-linux-x86_64 0.2.0 2.66 40.71 43.37 NOTE
r-release-linux-x86_64 0.2.0 2.66 39.82 42.48 NOTE
r-release-macos-arm64 0.2.0 20.00 NOTE
r-release-macos-x86_64 0.2.0 25.00 NOTE
r-release-windows-x86_64 0.2.0 12.00 65.00 77.00 NOTE
r-oldrel-macos-arm64 0.2.0 24.00 NOTE
r-oldrel-macos-x86_64 0.2.0 32.00 NOTE
r-oldrel-windows-ix86+x86_64 0.2.0 8.00 53.00 61.00 NOTE

Check Details

Version: 0.2.0
Check: LazyData
Result: NOTE
     'LazyData' is specified without a 'data' directory
Flavors: r-devel-linux-x86_64-debian-clang, r-devel-linux-x86_64-debian-gcc, r-devel-linux-x86_64-fedora-clang, r-devel-linux-x86_64-fedora-gcc, r-devel-windows-x86_64, r-patched-linux-x86_64, r-release-linux-x86_64, r-release-macos-arm64, r-release-macos-x86_64, r-release-windows-x86_64, r-oldrel-macos-arm64, r-oldrel-macos-x86_64, r-oldrel-windows-ix86+x86_64