CRAN Package Check Results for Package nhdplusTools

Last updated on 2024-07-23 21:49:06 CEST.

Flavor Version Tinstall Tcheck Ttotal Status Flags
r-devel-linux-x86_64-debian-clang 1.2.1 17.62 241.14 258.76 OK
r-devel-linux-x86_64-debian-gcc 1.2.1 13.24 187.71 200.95 OK
r-devel-linux-x86_64-fedora-clang 1.2.1 322.35 NOTE
r-devel-linux-x86_64-fedora-gcc 1.2.1 319.13 OK
r-devel-windows-x86_64 1.2.1 16.00 188.00 204.00 NOTE
r-patched-linux-x86_64 1.2.1 13.20 247.87 261.07 OK
r-release-linux-x86_64 1.2.1 10.92 243.88 254.80 OK
r-release-macos-arm64 1.2.1 104.00 NOTE
r-release-macos-x86_64 1.2.1 270.00 NOTE
r-release-windows-x86_64 1.2.1 16.00 186.00 202.00 NOTE
r-oldrel-macos-arm64 1.2.1 343.00 ERROR
r-oldrel-macos-x86_64 1.2.1 620.00 ERROR
r-oldrel-windows-x86_64 1.2.1 19.00 226.00 245.00 NOTE

Check Details

Version: 1.2.1
Check: installed package size
Result: NOTE installed size is 6.4Mb sub-directories of 1Mb or more: data 1.5Mb doc 4.2Mb Flavors: r-devel-linux-x86_64-fedora-clang, r-devel-windows-x86_64, r-release-macos-arm64, r-release-macos-x86_64, r-release-windows-x86_64, r-oldrel-macos-arm64, r-oldrel-macos-x86_64, r-oldrel-windows-x86_64

Version: 1.2.1
Check: running R code from vignettes
Result: ERROR Errors in running code in vignettes: when running code in ‘get_3dhp_data.Rmd’ ... > par(old_par) > if (Sys.getenv("BUILD_VIGNETTES") != "TRUE") { + unlink(work_dir, recursive = TRUE) + } When sourcing ‘get_3dhp_data.R’: Error: object 'work_dir' not found Execution halted when running code in ‘get_data_overview.Rmd’ ... + utils::unzip(f, exdir = wbd_dir) + } > wbd_gdb <- list.files(wbd_dir, pattern = ".gdb", full.names = TRUE) > sf::st_layers(wbd_gdb) When sourcing ‘get_data_overview.R’: Error: argument datasource should have length 1. Execution halted when running code in ‘nhdplushr.Rmd’ ... > hr_gpkg <- file.path(work_dir, "hr_data.gpkg") > plot_data <- plot_nhdplus(list("nwissite", "USGS-05428500"), + streamorder = 3, nhdplus_data = sample_data) Zoom set to: 11 When sourcing ‘nhdplushr.R’: Error: plot.new has not been called yet Execution halted ‘get_3dhp_data.Rmd’ using ‘UTF-8’... failed ‘get_data_overview.Rmd’ using ‘UTF-8’... failed ‘indexing.Rmd’ using ‘UTF-8’... [3s/5s] OK ‘nhdplusTools.Rmd’ using ‘UTF-8’... [86s/108s] OK ‘nhdplushr.Rmd’ using ‘UTF-8’... failed ‘plot_nhdplus.Rmd’ using ‘UTF-8’... [8s/32s] OK Flavor: r-oldrel-macos-arm64

Version: 1.2.1
Check: running R code from vignettes
Result: ERROR Errors in running code in vignettes: when running code in ‘get_3dhp_data.Rmd’ ... > par(old_par) > if (Sys.getenv("BUILD_VIGNETTES") != "TRUE") { + unlink(work_dir, recursive = TRUE) + } When sourcing ‘get_3dhp_data.R’: Error: object 'work_dir' not found Execution halted when running code in ‘get_data_overview.Rmd’ ... + utils::unzip(f, exdir = wbd_dir) + } > wbd_gdb <- list.files(wbd_dir, pattern = ".gdb", full.names = TRUE) > sf::st_layers(wbd_gdb) When sourcing ‘get_data_overview.R’: Error: argument datasource should have length 1. Execution halted ‘get_3dhp_data.Rmd’ using ‘UTF-8’... failed ‘get_data_overview.Rmd’ using ‘UTF-8’... failed ‘indexing.Rmd’ using ‘UTF-8’... [5s/10s] OK ‘nhdplusTools.Rmd’ using ‘UTF-8’... [18s/33s] OK ‘nhdplushr.Rmd’ using ‘UTF-8’... [122s/180s] OK ‘plot_nhdplus.Rmd’ using ‘UTF-8’... [13s/38s] OK Flavor: r-oldrel-macos-x86_64