Last updated on 2023-12-08 19:51:44 CET.
Flavor | Version | Tinstall | Tcheck | Ttotal | Status | Flags |
---|---|---|---|---|---|---|
r-devel-linux-x86_64-debian-clang | 1.0.0 | 16.21 | 243.42 | 259.63 | NOTE | |
r-devel-linux-x86_64-debian-gcc | 1.0.0 | 13.20 | 185.60 | 198.80 | NOTE | |
r-devel-linux-x86_64-fedora-clang | 1.0.0 | 278.95 | OK | |||
r-devel-linux-x86_64-fedora-gcc | 1.0.0 | 274.90 | OK | |||
r-devel-windows-x86_64 | 1.0.0 | 15.00 | 184.00 | 199.00 | OK | |
r-patched-linux-x86_64 | 1.0.0 | 15.49 | 235.73 | 251.22 | OK | |
r-release-linux-x86_64 | 1.0.0 | 9.91 | 231.19 | 241.10 | OK | |
r-release-macos-arm64 | 1.0.0 | 92.00 | OK | |||
r-release-macos-x86_64 | 1.0.0 | 204.00 | OK | |||
r-release-windows-x86_64 | 1.0.0 | 19.00 | 228.00 | 247.00 | OK | |
r-oldrel-macos-arm64 | 1.0.0 | 119.00 | OK | |||
r-oldrel-macos-x86_64 | 1.0.0 | 116.00 | OK | |||
r-oldrel-windows-x86_64 | 1.0.0 | 18.00 | 229.00 | 247.00 | OK |
Version: 1.0.0
Check: Rd files
Result: NOTE
checkRd: (-1) get_huc.Rd:25: Lost braces
25 | See /link{download_nhdplusv2} for documentation of that dataset.}
| ^
checkRd: (-1) get_huc12.Rd:15: Lost braces
15 | See /link{download_nhdplusv2} for documentation of that dataset.}
| ^
Flavors: r-devel-linux-x86_64-debian-clang, r-devel-linux-x86_64-debian-gcc