CRAN Package Check Results for Package nhsnumber

Last updated on 2021-11-29 19:51:37 CET.

Flavor Version Tinstall Tcheck Ttotal Status Flags
r-devel-linux-x86_64-debian-clang 0.1.1 1.92 19.90 21.82 NOTE
r-devel-linux-x86_64-debian-gcc 0.1.1 1.28 16.22 17.50 NOTE
r-devel-linux-x86_64-fedora-clang 0.1.1 38.30 NOTE
r-devel-linux-x86_64-fedora-gcc 0.1.1 27.13 NOTE
r-devel-windows-x86_64-new-UL 0.1.1 5.00 54.00 59.00 NOTE
r-devel-windows-x86_64-new-TK 0.1.1 NOTE
r-devel-windows-x86_64-old 0.1.1 4.00 30.00 34.00 NOTE
r-patched-linux-x86_64 0.1.1 1.59 19.45 21.04 NOTE
r-patched-solaris-x86 0.1.1 43.10 NOTE
r-release-linux-x86_64 0.1.1 1.46 19.48 20.94 NOTE
r-release-macos-arm64 0.1.1 NOTE
r-release-macos-x86_64 0.1.1 NOTE
r-release-windows-ix86+x86_64 0.1.1 4.00 28.00 32.00 NOTE
r-oldrel-macos-x86_64 0.1.1 OK
r-oldrel-windows-ix86+x86_64 0.1.1 3.00 36.00 39.00 OK

Check Details

Version: 0.1.1
Check: LazyData
Result: NOTE
     'LazyData' is specified without a 'data' directory
Flavors: r-devel-linux-x86_64-debian-clang, r-devel-linux-x86_64-debian-gcc, r-devel-linux-x86_64-fedora-clang, r-devel-linux-x86_64-fedora-gcc, r-devel-windows-x86_64-new-UL, r-devel-windows-x86_64-new-TK, r-devel-windows-x86_64-old, r-patched-linux-x86_64, r-patched-solaris-x86, r-release-linux-x86_64, r-release-macos-arm64, r-release-macos-x86_64, r-release-windows-ix86+x86_64