Last updated on 2023-02-06 19:54:29 CET.
Flavor | Version | Tinstall | Tcheck | Ttotal | Status | Flags |
---|---|---|---|---|---|---|
r-devel-linux-x86_64-debian-clang | 0.0.2 | 26.31 | 333.75 | 360.06 | NOTE | |
r-devel-linux-x86_64-debian-gcc | 0.0.2 | 21.32 | 253.04 | 274.36 | NOTE | |
r-devel-linux-x86_64-fedora-clang | 0.0.2 | 443.16 | NOTE | |||
r-devel-linux-x86_64-fedora-gcc | 0.0.2 | 445.68 | NOTE | |||
r-devel-windows-x86_64 | 0.0.2 | 50.00 | 369.00 | 419.00 | NOTE | |
r-patched-linux-x86_64 | 0.0.2 | 29.01 | 329.71 | 358.72 | NOTE | |
r-release-linux-x86_64 | 0.0.2 | 25.36 | 327.93 | 353.29 | NOTE | |
r-release-macos-arm64 | 0.0.2 | 92.00 | NOTE | |||
r-release-macos-x86_64 | 0.0.2 | 123.00 | NOTE | |||
r-release-windows-x86_64 | 0.0.2 | 57.00 | 372.00 | 429.00 | NOTE | |
r-oldrel-macos-arm64 | 0.0.2 | 53.00 | NOTE | |||
r-oldrel-macos-x86_64 | 0.0.2 | 96.00 | NOTE | |||
r-oldrel-windows-ix86+x86_64 | 0.0.2 | 63.00 | 350.00 | 413.00 | NOTE |
Version: 0.0.2
Check: LazyData
Result: NOTE
'LazyData' is specified without a 'data' directory
Flavors: r-devel-linux-x86_64-debian-clang, r-devel-linux-x86_64-debian-gcc, r-devel-linux-x86_64-fedora-clang, r-devel-linux-x86_64-fedora-gcc, r-devel-windows-x86_64, r-patched-linux-x86_64, r-release-linux-x86_64, r-release-macos-arm64, r-release-macos-x86_64, r-release-windows-x86_64, r-oldrel-macos-arm64, r-oldrel-macos-x86_64, r-oldrel-windows-ix86+x86_64
Version: 0.0.2
Check: installed package size
Result: NOTE
installed size is 7.1Mb
sub-directories of 1Mb or more:
extdata 6.9Mb
Flavors: r-devel-linux-x86_64-fedora-clang, r-devel-windows-x86_64, r-release-macos-arm64, r-release-macos-x86_64, r-release-windows-x86_64, r-oldrel-macos-arm64, r-oldrel-macos-x86_64, r-oldrel-windows-ix86+x86_64
Version: 0.0.2
Check: dependencies in R code
Result: NOTE
Namespaces in Imports field not imported from:
‘rgdal’ ‘sp’
All declared Imports should be used.
Flavors: r-devel-linux-x86_64-fedora-clang, r-devel-linux-x86_64-fedora-gcc, r-release-macos-arm64, r-release-macos-x86_64, r-oldrel-macos-arm64, r-oldrel-macos-x86_64