CRAN Package Check Results for Package njtr1

Last updated on 2022-01-27 19:51:06 CET.

Flavor Version Tinstall Tcheck Ttotal Status Flags
r-devel-linux-x86_64-debian-clang 0.3.1 5.65 67.02 72.67 OK
r-devel-linux-x86_64-debian-gcc 0.3.1 4.31 50.98 55.29 OK
r-devel-linux-x86_64-fedora-clang 0.3.1 86.48 NOTE
r-devel-linux-x86_64-fedora-gcc 0.3.1 77.36 NOTE
r-devel-windows-x86_64-new-UL 0.3.1 21.00 96.00 117.00 OK
r-devel-windows-x86_64-new-TK 0.3.1 NOTE
r-patched-linux-x86_64 0.3.1 6.06 59.70 65.76 OK
r-release-linux-x86_64 0.3.1 4.73 61.46 66.19 OK
r-release-macos-arm64 0.3.1 NOTE
r-release-macos-x86_64 0.3.1 NOTE
r-release-windows-ix86+x86_64 0.3.1 15.00 75.00 90.00 OK
r-oldrel-macos-x86_64 0.3.1 NOTE
r-oldrel-windows-ix86+x86_64 0.3.1 14.00 79.00 93.00 OK

Check Details

Version: 0.3.1
Check: data for non-ASCII characters
Result: NOTE
     Note: found 4 marked UTF-8 strings
Flavors: r-devel-linux-x86_64-fedora-clang, r-devel-linux-x86_64-fedora-gcc, r-devel-windows-x86_64-new-TK, r-release-macos-arm64, r-release-macos-x86_64, r-oldrel-macos-x86_64