CRAN Package Check Results for Package nlmrt

Last updated on 2024-02-27 19:54:45 CET.

Flavor Version Tinstall Tcheck Ttotal Status Flags
r-devel-linux-x86_64-debian-clang 2016.3.2 2.93 44.82 47.75 NOTE
r-devel-linux-x86_64-debian-gcc 2016.3.2 2.55 34.15 36.70 NOTE
r-devel-linux-x86_64-fedora-clang 2016.3.2 61.45 NOTE
r-devel-linux-x86_64-fedora-gcc 2016.3.2 73.12 NOTE
r-devel-windows-x86_64 2016.3.2 4.00 70.00 74.00 OK
r-patched-linux-x86_64 2016.3.2 3.96 44.03 47.99 NOTE
r-release-linux-x86_64 2016.3.2 2.69 43.39 46.08 NOTE
r-release-macos-arm64 2016.3.2 30.00 OK
r-release-macos-x86_64 2016.3.2 46.00 OK
r-release-windows-x86_64 2016.3.2 4.00 69.00 73.00 OK
r-oldrel-macos-arm64 2016.3.2 29.00 OK
r-oldrel-windows-x86_64 2016.3.2 5.00 74.00 79.00 OK

Check Details

Version: 2016.3.2
Check: package dependencies
Result: NOTE Packages suggested but not available for checking: 'Rvmmin', 'Rcgmin' Flavors: r-devel-linux-x86_64-debian-clang, r-devel-linux-x86_64-debian-gcc, r-devel-linux-x86_64-fedora-clang, r-devel-linux-x86_64-fedora-gcc, r-patched-linux-x86_64, r-release-linux-x86_64