Last updated on 2023-09-24 22:08:05 CEST.
Flavor | Version | Tinstall | Tcheck | Ttotal | Status | Flags |
---|---|---|---|---|---|---|
r-devel-linux-x86_64-debian-clang | 0.2.4 | 11.48 | 162.63 | 174.11 | NOTE | |
r-devel-linux-x86_64-debian-gcc | 0.2.4 | 8.21 | 117.27 | 125.48 | NOTE | |
r-devel-linux-x86_64-fedora-clang | 0.2.4 | 214.85 | NOTE | |||
r-devel-linux-x86_64-fedora-gcc | 0.2.4 | 216.61 | NOTE | |||
r-devel-windows-x86_64 | 0.2.4 | 12.00 | 142.00 | 154.00 | NOTE | |
r-patched-linux-x86_64 | 0.2.4 | 10.17 | 152.60 | 162.77 | OK | |
r-release-linux-x86_64 | 0.2.4 | 10.56 | 155.30 | 165.86 | OK | |
r-release-macos-arm64 | 0.2.4 | 63.00 | OK | |||
r-release-macos-x86_64 | 0.2.4 | 100.00 | OK | |||
r-release-windows-x86_64 | 0.2.4 | 16.00 | 171.00 | 187.00 | OK | |
r-oldrel-macos-arm64 | 0.2.4 | 71.00 | OK | |||
r-oldrel-macos-x86_64 | 0.2.4 | 95.00 | OK | |||
r-oldrel-windows-x86_64 | 0.2.4 | 15.00 | 198.00 | 213.00 | OK |
Version: 0.2.4
Check: Rd \usage sections
Result: NOTE
Documented arguments not in \usage in documentation object 'StatQQVPC':
‘mapping’ ‘data’ ‘geom’ ‘position’ ‘na.rm’ ‘show.legend’
‘inherit.aes’ ‘...’
Documented arguments not in \usage in documentation object 'StatQQnorm':
‘mapping’ ‘data’ ‘geom’ ‘position’ ‘na.rm’ ‘show.legend’
‘inherit.aes’ ‘...’
Documented arguments not in \usage in documentation object 'StatQQrefline':
‘mapping’ ‘data’ ‘geom’ ‘position’ ‘na.rm’ ‘show.legend’
‘inherit.aes’ ‘...’
Documented arguments not in \usage in documentation object 'covload.sub.table':
‘nrows’
Functions with \usage entries need to have the appropriate \alias
entries, and all their arguments documented.
The \usage entries must correspond to syntactically valid R code.
See chapter ‘Writing R documentation files’ in the ‘Writing R
Extensions’ manual.
Flavors: r-devel-linux-x86_64-debian-clang, r-devel-linux-x86_64-debian-gcc, r-devel-linux-x86_64-fedora-clang, r-devel-linux-x86_64-fedora-gcc, r-devel-windows-x86_64