CRAN Package Check Results for Package nosoi

Last updated on 2022-01-28 19:51:03 CET.

Flavor Version Tinstall Tcheck Ttotal Status Flags
r-devel-linux-x86_64-debian-clang 1.1.0 5.45 246.01 251.46 OK
r-devel-linux-x86_64-debian-gcc 1.1.0 4.38 172.17 176.55 OK
r-devel-linux-x86_64-fedora-clang 1.1.0 256.34 OK
r-devel-linux-x86_64-fedora-gcc 1.1.0 247.66 OK
r-devel-windows-x86_64-new-UL 1.1.0 86.00 265.00 351.00 OK
r-devel-windows-x86_64-new-TK 1.1.0 OK
r-patched-linux-x86_64 1.1.0 5.91 212.90 218.81 OK
r-release-linux-x86_64 1.1.0 3.69 208.68 212.37 OK
r-release-macos-arm64 1.1.0 NOTE
r-release-macos-x86_64 1.1.0 NOTE
r-release-windows-ix86+x86_64 1.1.0 10.00 236.00 246.00 OK
r-oldrel-macos-x86_64 1.1.0 NOTE
r-oldrel-windows-ix86+x86_64 1.1.0 10.00 241.00 251.00 OK

Check Details

Version: 1.1.0
Check: package dependencies
Result: NOTE
    Packages suggested but not available for checking: 'treeio', 'ggtree'
Flavors: r-release-macos-arm64, r-release-macos-x86_64, r-oldrel-macos-x86_64

Version: 1.1.0
Check: Rd cross-references
Result: NOTE
    Package unavailable to check Rd xrefs: ‘treeio’
Flavors: r-release-macos-arm64, r-release-macos-x86_64, r-oldrel-macos-x86_64