Last updated on 2023-11-27 19:52:47 CET.
Flavor | Version | Tinstall | Tcheck | Ttotal | Status | Flags |
---|---|---|---|---|---|---|
r-devel-linux-x86_64-debian-clang | 1.1.0 | 6.91 | 242.94 | 249.85 | NOTE | |
r-devel-linux-x86_64-debian-gcc | 1.1.0 | 4.52 | 179.06 | 183.58 | NOTE | |
r-devel-linux-x86_64-fedora-clang | 1.1.0 | 297.49 | NOTE | |||
r-devel-linux-x86_64-fedora-gcc | 1.1.0 | 296.37 | NOTE | |||
r-devel-windows-x86_64 | 1.1.0 | 6.00 | 222.00 | 228.00 | NOTE | |
r-patched-linux-x86_64 | 1.1.0 | 4.75 | 222.43 | 227.18 | OK | |
r-release-linux-x86_64 | 1.1.0 | 6.12 | 225.44 | 231.56 | OK | |
r-release-macos-arm64 | 1.1.0 | 83.00 | OK | |||
r-release-macos-x86_64 | 1.1.0 | 157.00 | OK | |||
r-release-windows-x86_64 | 1.1.0 | 8.00 | 236.00 | 244.00 | OK | |
r-oldrel-macos-arm64 | 1.1.0 | 61.00 | NOTE | |||
r-oldrel-macos-x86_64 | 1.1.0 | 100.00 | OK | |||
r-oldrel-windows-x86_64 | 1.1.0 | 7.00 | 230.00 | 237.00 | OK |
Version: 1.1.0
Check: Rd files
Result: NOTE
checkRd: (-1) parseFunction.Rd:38: Lost braces in \itemize; \value handles \item{}{} directly
checkRd: (-1) parseFunction.Rd:39: Lost braces in \itemize; \value handles \item{}{} directly
Flavors: r-devel-linux-x86_64-debian-clang, r-devel-linux-x86_64-debian-gcc
Version: 1.1.0
Check: Rd \usage sections
Result: NOTE
Documented arguments not in \usage in Rd file 'FunctionSanityChecks.Rd':
‘structure’
Documented arguments not in \usage in Rd file 'newLine.Rd':
‘current.in’
Documented arguments not in \usage in Rd file 'nosoiSimConstructor.Rd':
‘pres.time’
Functions with \usage entries need to have the appropriate \alias
entries, and all their arguments documented.
The \usage entries must correspond to syntactically valid R code.
See chapter ‘Writing R documentation files’ in the ‘Writing R
Extensions’ manual.
Flavors: r-devel-linux-x86_64-debian-clang, r-devel-linux-x86_64-debian-gcc, r-devel-linux-x86_64-fedora-clang, r-devel-linux-x86_64-fedora-gcc, r-devel-windows-x86_64
Version: 1.1.0
Check: package dependencies
Result: NOTE
Packages suggested but not available for checking: 'treeio', 'ggtree'
Flavor: r-oldrel-macos-arm64
Version: 1.1.0
Check: Rd cross-references
Result: NOTE
Package unavailable to check Rd xrefs: ‘treeio’
Flavor: r-oldrel-macos-arm64