CRAN Package Check Results for Package nprcgenekeepr

Last updated on 2021-12-08 19:51:41 CET.

Flavor Version Tinstall Tcheck Ttotal Status Flags
r-devel-linux-x86_64-debian-clang 1.0.5 16.08 195.58 211.66 OK
r-devel-linux-x86_64-debian-gcc 1.0.5 12.77 150.99 163.76 OK
r-devel-linux-x86_64-fedora-clang 1.0.5 264.74 NOTE
r-devel-linux-x86_64-fedora-gcc 1.0.5 266.33 NOTE
r-devel-windows-x86_64-new-UL 1.0.5 50.00 286.00 336.00 OK
r-devel-windows-x86_64-new-TK 1.0.5 NOTE
r-devel-windows-x86_64-old 1.0.5 26.00 198.00 224.00 OK
r-patched-linux-x86_64 1.0.5 16.98 185.67 202.65 OK
r-release-linux-x86_64 1.0.5 14.86 187.46 202.32 OK
r-release-macos-arm64 1.0.5 NOTE
r-release-macos-x86_64 1.0.5 NOTE
r-release-windows-ix86+x86_64 1.0.5 31.00 216.00 247.00 OK
r-oldrel-macos-x86_64 1.0.5 NOTE
r-oldrel-windows-ix86+x86_64 1.0.5 33.00 255.00 288.00 OK

Check Details

Version: 1.0.5
Check: dependencies in R code
Result: NOTE
    Namespace in Imports field not imported from: ‘rlang’
     All declared Imports should be used.
Flavors: r-devel-linux-x86_64-fedora-clang, r-devel-linux-x86_64-fedora-gcc, r-devel-windows-x86_64-new-TK, r-release-macos-arm64, r-release-macos-x86_64, r-oldrel-macos-x86_64