CRAN Package Check Results for Package npsurvSS

Last updated on 2021-12-06 19:50:46 CET.

Flavor Version Tinstall Tcheck Ttotal Status Flags
r-devel-linux-x86_64-debian-clang 1.0.1 3.16 287.40 290.56 NOTE
r-devel-linux-x86_64-debian-gcc 1.0.1 2.44 185.76 188.20 NOTE
r-devel-linux-x86_64-fedora-clang 1.0.1 323.01 NOTE
r-devel-linux-x86_64-fedora-gcc 1.0.1 286.40 NOTE
r-devel-windows-x86_64-new-UL 1.0.1 10.00 299.00 309.00 NOTE
r-devel-windows-x86_64-new-TK 1.0.1 NOTE
r-devel-windows-x86_64-old 1.0.1 7.00 231.00 238.00 NOTE
r-patched-linux-x86_64 1.0.1 3.68 243.20 246.88 NOTE
r-release-linux-x86_64 1.0.1 3.79 249.46 253.25 NOTE
r-release-macos-arm64 1.0.1 NOTE
r-release-macos-x86_64 1.0.1 NOTE
r-release-windows-ix86+x86_64 1.0.1 8.00 292.00 300.00 NOTE
r-oldrel-macos-x86_64 1.0.1 OK
r-oldrel-windows-ix86+x86_64 1.0.1 7.00 331.00 338.00 OK

Check Details

Version: 1.0.1
Check: LazyData
Result: NOTE
     'LazyData' is specified without a 'data' directory
Flavors: r-devel-linux-x86_64-debian-clang, r-devel-linux-x86_64-debian-gcc, r-devel-linux-x86_64-fedora-clang, r-devel-linux-x86_64-fedora-gcc, r-devel-windows-x86_64-new-UL, r-devel-windows-x86_64-new-TK, r-devel-windows-x86_64-old, r-patched-linux-x86_64, r-release-linux-x86_64, r-release-macos-arm64, r-release-macos-x86_64, r-release-windows-ix86+x86_64