Last updated on 2023-06-06 22:07:54 CEST.
Flavor | Version | Tinstall | Tcheck | Ttotal | Status | Flags |
---|---|---|---|---|---|---|
r-devel-linux-x86_64-debian-clang | 1.3.0 | 100.18 | 189.40 | 289.58 | NOTE | |
r-devel-linux-x86_64-debian-gcc | 1.3.0 | 77.01 | 141.82 | 218.83 | NOTE | |
r-devel-linux-x86_64-fedora-clang | 1.3.2 | 407.23 | NOTE | |||
r-devel-linux-x86_64-fedora-gcc | 1.3.2 | 390.77 | NOTE | |||
r-devel-windows-x86_64 | 1.3.0 | 80.00 | 182.00 | 262.00 | NOTE | |
r-patched-linux-x86_64 | 1.3.0 | 69.93 | 177.08 | 247.01 | NOTE | |
r-release-linux-x86_64 | 1.3.0 | 87.58 | 179.50 | 267.08 | NOTE | |
r-release-macos-arm64 | 1.3.0 | 108.00 | NOTE | |||
r-release-macos-x86_64 | 1.3.0 | 169.00 | NOTE | |||
r-release-windows-x86_64 | 1.3.0 | 111.00 | 210.00 | 321.00 | NOTE | |
r-oldrel-macos-arm64 | 1.3.0 | 102.00 | NOTE | |||
r-oldrel-macos-x86_64 | 1.3.0 | 131.00 | NOTE | |||
r-oldrel-windows-x86_64 | 1.3.0 | 106.00 | 207.00 | 313.00 | NOTE |
Version: 1.3.0
Check: for GNU extensions in Makefiles
Result: NOTE
GNU make is a SystemRequirements.
Flavors: r-devel-linux-x86_64-debian-clang, r-devel-linux-x86_64-debian-gcc, r-devel-windows-x86_64, r-patched-linux-x86_64, r-release-linux-x86_64, r-release-macos-arm64, r-release-macos-x86_64, r-release-windows-x86_64, r-oldrel-macos-arm64, r-oldrel-macos-x86_64, r-oldrel-windows-x86_64
Version: 1.3.2
Check: package dependencies
Result: NOTE
Imports includes 30 non-default packages.
Importing from so many packages makes the package vulnerable to any of
them becoming unavailable. Move as many as possible to Suggests and
use conditionally.
Flavor: r-devel-linux-x86_64-fedora-clang
Version: 1.3.2
Check: installed package size
Result: NOTE
installed size is 5.1Mb
sub-directories of 1Mb or more:
data 4.2Mb
Flavor: r-devel-linux-x86_64-fedora-clang
Version: 1.3.2
Check: dependencies in R code
Result: NOTE
Namespaces in Imports field not imported from:
‘R.utils’ ‘optparse’ ‘vcfR’
All declared Imports should be used.
Flavors: r-devel-linux-x86_64-fedora-clang, r-devel-linux-x86_64-fedora-gcc
Version: 1.3.2
Check: for GNU extensions in Makefiles
Result: NOTE
GNU make is a SystemRequirements.
Flavors: r-devel-linux-x86_64-fedora-clang, r-devel-linux-x86_64-fedora-gcc
Version: 1.3.0
Check: installed package size
Result: NOTE
installed size is 5.9Mb
sub-directories of 1Mb or more:
data 4.2Mb
libs 1.1Mb
Flavors: r-devel-windows-x86_64, r-release-macos-arm64, r-release-macos-x86_64, r-release-windows-x86_64, r-oldrel-macos-arm64, r-oldrel-macos-x86_64, r-oldrel-windows-x86_64