Last updated on 2023-03-22 19:53:32 CET.
Flavor | Version | Tinstall | Tcheck | Ttotal | Status | Flags |
---|---|---|---|---|---|---|
r-devel-linux-x86_64-debian-clang | 0.4.0 | 10.53 | 65.12 | 75.65 | OK | |
r-devel-linux-x86_64-debian-gcc | 0.4.0 | 10.57 | 51.07 | 61.64 | OK | |
r-devel-linux-x86_64-fedora-clang | 0.4.0 | 100.65 | NOTE | |||
r-devel-linux-x86_64-fedora-gcc | 0.4.0 | 107.55 | NOTE | |||
r-patched-linux-x86_64 | 0.4.0 | 13.54 | 66.31 | 79.85 | OK | |
r-release-linux-x86_64 | 0.4.0 | 10.20 | 67.31 | 77.51 | OK | |
r-release-macos-arm64 | 0.4.0 | 35.00 | NOTE | |||
r-release-macos-x86_64 | 0.4.0 | 56.00 | NOTE | |||
r-release-windows-x86_64 | 0.4.0 | 31.00 | 264.00 | 295.00 | OK | |
r-oldrel-macos-arm64 | 0.4.0 | 50.00 | NOTE | |||
r-oldrel-macos-x86_64 | 0.4.0 | 62.00 | NOTE | |||
r-oldrel-windows-ix86+x86_64 | 0.4.0 | 21.00 | 196.00 | 217.00 | OK |
Version: 0.4.0
Check: data for non-ASCII characters
Result: NOTE
Note: found 6409 marked UTF-8 strings
Flavors: r-devel-linux-x86_64-fedora-clang, r-devel-linux-x86_64-fedora-gcc, r-release-macos-arm64, r-release-macos-x86_64, r-oldrel-macos-arm64, r-oldrel-macos-x86_64
Version: 0.4.0
Check: installed package size
Result: NOTE
installed size is 5.3Mb
sub-directories of 1Mb or more:
data 5.0Mb
Flavors: r-release-macos-arm64, r-oldrel-macos-arm64