Last updated on 2022-05-27 21:51:28 CEST.
Flavor | Version | Tinstall | Tcheck | Ttotal | Status | Flags |
---|---|---|---|---|---|---|
r-devel-linux-x86_64-debian-clang | 1.0.0 | 21.10 | 168.89 | 189.99 | NOTE | |
r-devel-linux-x86_64-debian-gcc | 1.0.0 | 14.60 | 125.17 | 139.77 | NOTE | |
r-devel-linux-x86_64-fedora-clang | 1.0.0 | 228.73 | NOTE | |||
r-devel-linux-x86_64-fedora-gcc | 1.0.0 | 206.89 | NOTE | |||
r-devel-windows-x86_64 | 1.0.0 | 26.00 | 162.00 | 188.00 | NOTE | |
r-patched-linux-x86_64 | 1.0.0 | 17.02 | 156.44 | 173.46 | NOTE | |
r-release-linux-x86_64 | 1.0.0 | 18.51 | 160.22 | 178.73 | NOTE | |
r-release-macos-arm64 | 1.0.0 | 58.00 | NOTE | |||
r-release-macos-x86_64 | 1.0.0 | 115.00 | NOTE | |||
r-release-windows-x86_64 | 1.0.0 | 97.00 | 151.00 | 248.00 | NOTE | |
r-oldrel-macos-arm64 | 1.0.0 | 81.00 | NOTE | |||
r-oldrel-macos-x86_64 | 1.0.0 | 106.00 | NOTE | |||
r-oldrel-windows-ix86+x86_64 | 1.0.0 | 39.00 | 145.00 | 184.00 | NOTE |
Version: 1.0.0
Check: LazyData
Result: NOTE
'LazyData' is specified without a 'data' directory
Flavors: r-devel-linux-x86_64-debian-clang, r-devel-linux-x86_64-debian-gcc, r-devel-linux-x86_64-fedora-clang, r-devel-linux-x86_64-fedora-gcc, r-devel-windows-x86_64, r-patched-linux-x86_64, r-release-linux-x86_64, r-release-macos-arm64, r-release-macos-x86_64, r-release-windows-x86_64, r-oldrel-macos-arm64, r-oldrel-macos-x86_64, r-oldrel-windows-ix86+x86_64
Version: 1.0.0
Check: dependencies in R code
Result: NOTE
Namespaces in Imports field not imported from:
‘knitr’ ‘tibble’
All declared Imports should be used.
Flavors: r-devel-linux-x86_64-fedora-clang, r-devel-linux-x86_64-fedora-gcc, r-release-macos-arm64, r-release-macos-x86_64, r-oldrel-macos-arm64, r-oldrel-macos-x86_64