CRAN Package Check Results for Package oce

Last updated on 2021-02-25 19:46:41 CET.

Flavor Version Tinstall Tcheck Ttotal Status Flags
r-devel-linux-x86_64-debian-clang 1.3-0 265.89 555.61 821.50 OK
r-devel-linux-x86_64-debian-gcc 1.3-0 175.26 411.39 586.65 OK
r-devel-linux-x86_64-fedora-clang 1.3-0 1056.17 NOTE
r-devel-linux-x86_64-fedora-gcc 1.3-0 988.37 OK
r-devel-windows-ix86+x86_64 1.3-0 425.00 727.00 1152.00 NOTE
r-patched-linux-x86_64 1.3-0 197.81 510.52 708.33 OK
r-patched-solaris-x86 1.3-0 1008.90 NOTE
r-release-linux-x86_64 1.3-0 204.32 514.09 718.41 OK
r-release-macos-x86_64 1.3-0 NOTE
r-release-windows-ix86+x86_64 1.3-0 574.00 897.00 1471.00 NOTE
r-oldrel-macos-x86_64 1.3-0 NOTE
r-oldrel-windows-ix86+x86_64 1.3-0 387.00 886.00 1273.00 NOTE

Check Details

Version: 1.3-0
Check: installed package size
Result: NOTE
     installed size is 13.2Mb
     sub-directories of 1Mb or more:
     R 2.5Mb
     data 1.0Mb
     doc 2.1Mb
     help 2.8Mb
     libs 4.1Mb
Flavors: r-devel-linux-x86_64-fedora-clang, r-devel-windows-ix86+x86_64, r-patched-solaris-x86, r-release-macos-x86_64, r-release-windows-ix86+x86_64, r-oldrel-macos-x86_64, r-oldrel-windows-ix86+x86_64

Version: 1.3-0
Check: Rd cross-references
Result: NOTE
    Undeclared package ‘marmap’ in Rd xrefs
Flavor: r-devel-linux-x86_64-fedora-clang