CRAN Package Check Results for Package ocomposition

Last updated on 2024-04-13 21:41:44 CEST.

Flavor Version Tinstall Tcheck Ttotal Status Flags
r-devel-linux-x86_64-debian-clang 1.1 3.80 36.21 40.01 NOTE
r-devel-linux-x86_64-debian-gcc 1.1 2.82 28.03 30.85 NOTE
r-devel-linux-x86_64-fedora-clang 1.1 49.60 NOTE
r-devel-linux-x86_64-fedora-gcc 1.1 47.37 NOTE
r-devel-windows-x86_64 1.1 4.00 61.00 65.00 NOTE
r-patched-linux-x86_64 1.1 3.97 36.07 40.04 NOTE
r-release-linux-x86_64 1.1 2.52 36.25 38.77 OK
r-release-macos-arm64 1.1 20.00 OK
r-release-macos-x86_64 1.1 27.00 OK
r-release-windows-x86_64 1.1 5.00 52.00 57.00 OK
r-oldrel-macos-arm64 1.1 18.00 OK
r-oldrel-windows-x86_64 1.1 4.00 53.00 57.00 OK

Check Details

Version: 1.1
Check: Rd contents
Result: NOTE Argument items with no description in Rd file 'plot.comphat.Rd': ‘\dots’ Flavors: r-devel-linux-x86_64-debian-clang, r-devel-linux-x86_64-debian-gcc, r-devel-linux-x86_64-fedora-clang, r-devel-linux-x86_64-fedora-gcc, r-devel-windows-x86_64, r-patched-linux-x86_64