CRAN Package Check Results for Package ocs4R

Last updated on 2024-06-16 21:52:08 CEST.

Flavor Version Tinstall Tcheck Ttotal Status Flags
r-devel-linux-x86_64-debian-clang 0.2-3 8.01 36.52 44.53 NOTE
r-devel-linux-x86_64-debian-gcc 0.2-3 7.36 28.51 35.87 NOTE
r-devel-linux-x86_64-fedora-clang 0.2-3 59.83 NOTE
r-devel-linux-x86_64-fedora-gcc 0.2-3 55.80 NOTE
r-devel-windows-x86_64 0.2-3 7.00 50.00 57.00 NOTE
r-patched-linux-x86_64 0.2-3 10.95 36.41 47.36 NOTE
r-release-linux-x86_64 0.2-3 9.75 35.39 45.14 NOTE
r-release-macos-arm64 0.2-3 22.00 NOTE
r-release-macos-x86_64 0.2-3 32.00 NOTE
r-release-windows-x86_64 0.2-3 9.00 53.00 62.00 NOTE
r-oldrel-macos-arm64 0.2-3 23.00 OK
r-oldrel-macos-x86_64 0.2-3 28.00 OK
r-oldrel-windows-x86_64 0.2-3 9.00 55.00 64.00 OK

Check Details

Version: 0.2-3
Check: Rd files
Result: NOTE checkRd: (-1) ocsApiUserProvisioningManager.Rd:87: Lost braces 87 | \item{code{addToGroup(userid, groupid)}}{ | ^ Flavors: r-devel-linux-x86_64-debian-clang, r-devel-linux-x86_64-debian-gcc, r-devel-linux-x86_64-fedora-clang, r-devel-linux-x86_64-fedora-gcc, r-devel-windows-x86_64, r-patched-linux-x86_64, r-release-linux-x86_64, r-release-macos-arm64, r-release-macos-x86_64, r-release-windows-x86_64