Last updated on 2023-03-31 20:50:19 CEST.
Flavor | Version | Tinstall | Tcheck | Ttotal | Status | Flags |
---|---|---|---|---|---|---|
r-devel-linux-x86_64-debian-clang | 1.3.4 | 96.84 | 63.33 | 160.17 | NOTE | |
r-devel-linux-x86_64-debian-gcc | 1.3.4 | 83.52 | 49.22 | 132.74 | NOTE | |
r-devel-linux-x86_64-fedora-clang | 1.3.4 | 243.87 | NOTE | |||
r-devel-linux-x86_64-fedora-gcc | 1.3.4 | 226.39 | NOTE | |||
r-devel-windows-x86_64 | 1.3.4 | 160.00 | 0.00 | 160.00 | NOTE | |
r-patched-linux-x86_64 | 1.3.4 | 92.62 | 61.84 | 154.46 | NOTE | |
r-release-linux-x86_64 | 1.3.4 | 84.82 | 59.08 | 143.90 | OK | |
r-release-macos-arm64 | 1.3.4 | 70.00 | NOTE | |||
r-release-macos-x86_64 | 1.3.4 | 83.00 | NOTE | |||
r-release-windows-x86_64 | 1.3.4 | 129.00 | 126.00 | 255.00 | OK | |
r-oldrel-macos-arm64 | 1.3.4 | 71.00 | NOTE | |||
r-oldrel-macos-x86_64 | 1.3.4 | 91.00 | NOTE | |||
r-oldrel-windows-ix86+x86_64 | 1.3.4 | 255.00 | 129.00 | 384.00 | OK |
Version: 1.3.4
Check: C++ specification
Result: NOTE
Specified C++11: please drop specification unless essential
Flavors: r-devel-linux-x86_64-debian-clang, r-devel-linux-x86_64-debian-gcc, r-devel-linux-x86_64-fedora-clang, r-devel-linux-x86_64-fedora-gcc, r-devel-windows-x86_64, r-patched-linux-x86_64
Version: 1.3.4
Check: dependencies in R code
Result: NOTE
‘:::’ call which should be ‘::’: ‘DBItest:::get_default_context’
See the note in ?`:::` about the use of this operator.
Unexported object imported by a ‘:::’ call: ‘DBItest:::connect’
See the note in ?`:::` about the use of this operator.
Flavors: r-devel-linux-x86_64-debian-clang, r-devel-linux-x86_64-debian-gcc, r-devel-linux-x86_64-fedora-clang, r-devel-linux-x86_64-fedora-gcc, r-devel-windows-x86_64, r-patched-linux-x86_64
Version: 1.3.4
Check: installed package size
Result: NOTE
installed size is 10.8Mb
sub-directories of 1Mb or more:
libs 10.4Mb
Flavors: r-release-macos-arm64, r-release-macos-x86_64, r-oldrel-macos-arm64, r-oldrel-macos-x86_64