CRAN Package Check Results for Package odbc

Last updated on 2024-02-27 19:54:45 CET.

Flavor Version Tinstall Tcheck Ttotal Status Flags
r-devel-linux-x86_64-debian-clang 1.4.2 110.67 75.67 186.34 OK
r-devel-linux-x86_64-debian-gcc 1.4.2 88.72 57.99 146.71 OK
r-devel-linux-x86_64-fedora-clang 1.4.2 266.48 WARN
r-devel-linux-x86_64-fedora-gcc 1.4.2 297.68 OK
r-devel-windows-x86_64 1.4.2 107.00 110.00 217.00 OK
r-patched-linux-x86_64 1.4.2 113.87 72.53 186.40 OK
r-release-linux-x86_64 1.4.2 111.58 73.31 184.89 OK
r-release-macos-arm64 1.4.2 72.00 NOTE
r-release-macos-x86_64 1.4.2 142.00 NOTE
r-release-windows-x86_64 1.4.2 136.00 128.00 264.00 OK
r-oldrel-macos-arm64 1.4.2 68.00 NOTE
r-oldrel-windows-x86_64 1.4.2 117.00 120.00 237.00 OK

Additional issues

clang17 clang17 M1mac

Check Details

Version: 1.4.2
Check: whether package can be installed
Result: WARN Found the following significant warnings: /usr/local/clang18/bin/../include/c++/v1/locale:3257:1: warning: 'wstring_convert<std::codecvt_utf8_utf16<char16_t>, char16_t>' is deprecated [-Wdeprecated-declarations] See ‘/data/gannet/ripley/R/packages/tests-clang/odbc.Rcheck/00install.out’ for details. * used C++ compiler: ‘clang version 18.1.0rc’ Flavor: r-devel-linux-x86_64-fedora-clang

Version: 1.4.2
Check: installed package size
Result: NOTE installed size is 10.7Mb sub-directories of 1Mb or more: libs 10.0Mb Flavors: r-release-macos-arm64, r-release-macos-x86_64, r-oldrel-macos-arm64