CRAN Package Check Results for Package odds.n.ends

Last updated on 2021-11-29 19:51:37 CET.

Flavor Version Tinstall Tcheck Ttotal Status Flags
r-devel-linux-x86_64-debian-clang 0.1.4 1.69 21.85 23.54 OK
r-devel-linux-x86_64-debian-gcc 0.1.4 1.32 17.59 18.91 OK
r-devel-linux-x86_64-fedora-clang 0.1.4 40.61 NOTE
r-devel-linux-x86_64-fedora-gcc 0.1.4 29.88 NOTE
r-devel-windows-x86_64-new-UL 0.1.4 6.00 58.00 64.00 OK
r-devel-windows-x86_64-new-TK 0.1.4 NOTE
r-devel-windows-x86_64-old 0.1.4 4.00 33.00 37.00 OK
r-patched-linux-x86_64 0.1.4 1.65 20.87 22.52 OK
r-patched-solaris-x86 0.1.4 45.20 NOTE
r-release-linux-x86_64 0.1.4 1.85 20.80 22.65 OK
r-release-macos-arm64 0.1.4 NOTE
r-release-macos-x86_64 0.1.4 NOTE
r-release-windows-ix86+x86_64 0.1.4 5.00 31.00 36.00 OK
r-oldrel-macos-x86_64 0.1.4 NOTE
r-oldrel-windows-ix86+x86_64 0.1.4 4.00 39.00 43.00 OK

Check Details

Version: 0.1.4
Check: dependencies in R code
Result: NOTE
    Namespace in Imports field not imported from: ‘MASS’
     All declared Imports should be used.
Flavors: r-devel-linux-x86_64-fedora-clang, r-devel-linux-x86_64-fedora-gcc, r-devel-windows-x86_64-new-TK, r-patched-solaris-x86, r-release-macos-arm64, r-release-macos-x86_64, r-oldrel-macos-x86_64