Last updated on 2023-02-06 19:54:30 CET.
Flavor | Version | Tinstall | Tcheck | Ttotal | Status | Flags |
---|---|---|---|---|---|---|
r-devel-linux-x86_64-debian-clang | 0.0.2 | 6.29 | 60.77 | 67.06 | OK | |
r-devel-linux-x86_64-debian-gcc | 0.0.2 | 6.19 | 44.74 | 50.93 | OK | |
r-devel-linux-x86_64-fedora-clang | 0.0.2 | 85.84 | NOTE | |||
r-devel-linux-x86_64-fedora-gcc | 0.0.2 | 78.91 | NOTE | |||
r-devel-windows-x86_64 | 0.0.2 | 27.00 | 89.00 | 116.00 | OK | |
r-patched-linux-x86_64 | 0.0.2 | 7.33 | 58.34 | 65.67 | OK | |
r-release-linux-x86_64 | 0.0.2 | 7.78 | 57.93 | 65.71 | OK | |
r-release-macos-arm64 | 0.0.2 | 28.00 | OK | |||
r-release-macos-x86_64 | 0.0.2 | 39.00 | OK | |||
r-release-windows-x86_64 | 0.0.2 | 24.00 | 97.00 | 121.00 | OK | |
r-oldrel-macos-arm64 | 0.0.2 | 30.00 | OK | |||
r-oldrel-macos-x86_64 | 0.0.2 | 43.00 | OK | |||
r-oldrel-windows-ix86+x86_64 | 0.0.2 | 17.00 | 87.00 | 104.00 | OK |
Version: 0.0.2
Check: dependencies in R code
Result: NOTE
Namespace in Imports field not imported from: ‘purrr’
All declared Imports should be used.
Flavors: r-devel-linux-x86_64-fedora-clang, r-devel-linux-x86_64-fedora-gcc
Version: 0.0.2
Check: data for non-ASCII characters
Result: NOTE
Note: found 4 marked UTF-8 strings
Flavors: r-devel-linux-x86_64-fedora-clang, r-devel-linux-x86_64-fedora-gcc