Last updated on 2023-01-29 19:54:11 CET.
Flavor | Version | Tinstall | Tcheck | Ttotal | Status | Flags |
---|---|---|---|---|---|---|
r-devel-linux-x86_64-debian-clang | 1.2.4 | 9.96 | 145.76 | 155.72 | OK | |
r-devel-linux-x86_64-debian-gcc | 1.2.4 | 8.03 | 105.11 | 113.14 | OK | |
r-devel-linux-x86_64-fedora-clang | 1.2.4 | 184.60 | OK | |||
r-devel-linux-x86_64-fedora-gcc | 1.2.4 | 202.85 | OK | |||
r-devel-windows-x86_64 | 1.2.4 | 73.00 | 215.00 | 288.00 | OK | |
r-patched-linux-x86_64 | 1.2.4 | 8.32 | 135.00 | 143.32 | OK | |
r-release-linux-x86_64 | 1.2.4 | 8.69 | 129.82 | 138.51 | OK | |
r-release-macos-arm64 | 1.2.4 | 80.00 | OK | |||
r-release-macos-x86_64 | 1.2.4 | 92.00 | OK | |||
r-release-windows-x86_64 | 1.2.4 | 74.00 | 206.00 | 280.00 | OK | |
r-oldrel-macos-arm64 | 1.2.4 | 68.00 | OK | |||
r-oldrel-macos-x86_64 | 1.2.4 | 112.00 | OK | |||
r-oldrel-windows-ix86+x86_64 | 1.2.4 | 20.00 | 200.00 | 220.00 | WARN |
Version: 1.2.4
Check: for unstated dependencies in ‘tests’
Result: WARN
Warning: unable to access index for repository https://bioconductor.org/packages/3.14/bioc/src/contrib:
cannot open URL 'https://bioconductor.org/packages/3.14/bioc/src/contrib/PACKAGES'
Warning: unable to access index for repository https://bioconductor.org/packages/3.14/data/annotation/src/contrib:
cannot open URL 'https://bioconductor.org/packages/3.14/data/annotation/src/contrib/PACKAGES'
Warning: unable to access index for repository https://bioconductor.org/packages/3.14/data/experiment/src/contrib:
cannot open URL 'https://bioconductor.org/packages/3.14/data/experiment/src/contrib/PACKAGES'
'library' or 'require' call not declared from: 'name'
Flavor: r-oldrel-windows-ix86+x86_64