CRAN Package Check Results for Package oenb

Last updated on 2024-06-14 22:57:23 CEST.

Flavor Version Tinstall Tcheck Ttotal Status Flags
r-devel-linux-x86_64-debian-clang 0.0.2 2.28 27.60 29.88 NOTE
r-devel-linux-x86_64-debian-gcc 0.0.2 1.88 21.72 23.60 NOTE
r-devel-linux-x86_64-fedora-clang 0.0.2 39.72 NOTE
r-devel-linux-x86_64-fedora-gcc 0.0.2 49.56 NOTE
r-devel-windows-x86_64 0.0.2 3.00 43.00 46.00 NOTE
r-patched-linux-x86_64 0.0.2 2.55 27.03 29.58 NOTE
r-release-linux-x86_64 0.0.2 2.25 26.63 28.88 NOTE
r-release-macos-arm64 0.0.2 23.00 NOTE
r-release-macos-x86_64 0.0.2 33.00 NOTE
r-release-windows-x86_64 0.0.2 4.00 47.00 51.00 NOTE
r-oldrel-macos-arm64 0.0.2 26.00 NOTE
r-oldrel-macos-x86_64 0.0.2 32.00 NOTE
r-oldrel-windows-x86_64 0.0.2 4.00 43.00 47.00 NOTE

Check Details

Version: 0.0.2
Check: LazyData
Result: NOTE 'LazyData' is specified without a 'data' directory Flavors: r-devel-linux-x86_64-debian-clang, r-devel-linux-x86_64-debian-gcc, r-devel-linux-x86_64-fedora-clang, r-devel-linux-x86_64-fedora-gcc, r-devel-windows-x86_64, r-patched-linux-x86_64, r-release-linux-x86_64, r-release-macos-arm64, r-release-macos-x86_64, r-release-windows-x86_64, r-oldrel-macos-arm64, r-oldrel-macos-x86_64, r-oldrel-windows-x86_64