CRAN Package Check Results for Package offlineChange

Last updated on 2021-11-28 19:48:59 CET.

Flavor Version Tinstall Tcheck Ttotal Status Flags
r-devel-linux-x86_64-debian-clang 0.0.4 NOTE
r-devel-linux-x86_64-debian-gcc 0.0.4 16.51 28.54 45.05 NOTE
r-devel-linux-x86_64-fedora-clang 0.0.4 95.58 NOTE
r-devel-linux-x86_64-fedora-gcc 0.0.4 76.44 NOTE
r-devel-windows-x86_64-new-UL 0.0.4 35.00 101.00 136.00 NOTE
r-devel-windows-x86_64-new-TK 0.0.4 NOTE
r-devel-windows-x86_64-old 0.0.4 24.00 65.00 89.00 NOTE
r-patched-linux-x86_64 0.0.4 21.15 34.72 55.87 NOTE
r-patched-solaris-x86 0.0.4 87.90 NOTE
r-release-linux-x86_64 0.0.4 20.56 34.49 55.05 NOTE
r-release-macos-arm64 0.0.4 NOTE
r-release-macos-x86_64 0.0.4 NOTE
r-release-windows-ix86+x86_64 0.0.4 56.00 64.00 120.00 NOTE
r-oldrel-macos-x86_64 0.0.4 OK
r-oldrel-windows-ix86+x86_64 0.0.4 42.00 79.00 121.00 OK

Check Details

Version: 0.0.4
Check: LazyData
Result: NOTE
     'LazyData' is specified without a 'data' directory
Flavors: r-devel-linux-x86_64-debian-clang, r-devel-linux-x86_64-debian-gcc, r-devel-linux-x86_64-fedora-clang, r-devel-linux-x86_64-fedora-gcc, r-devel-windows-x86_64-new-UL, r-devel-windows-x86_64-new-TK, r-devel-windows-x86_64-old, r-patched-linux-x86_64, r-patched-solaris-x86, r-release-linux-x86_64, r-release-macos-arm64, r-release-macos-x86_64, r-release-windows-ix86+x86_64