CRAN Package Check Results for Package oii

Last updated on 2022-06-27 21:51:25 CEST.

Flavor Version Tinstall Tcheck Ttotal Status Flags
r-devel-linux-x86_64-debian-clang 1.0.2.1 2.62 34.50 37.12 NOTE
r-devel-linux-x86_64-debian-gcc 1.0.2.1 1.92 26.51 28.43 NOTE
r-devel-linux-x86_64-fedora-clang 1.0.2.1 54.50 WARN
r-devel-linux-x86_64-fedora-gcc 1.0.2.1 53.40 WARN
r-devel-windows-x86_64 1.0.2.1 8.00 60.00 68.00 NOTE
r-patched-linux-x86_64 1.0.2.1 3.09 33.63 36.72 NOTE
r-release-linux-x86_64 1.0.2.1 2.00 33.59 35.59 NOTE
r-release-macos-arm64 1.0.2.1 18.00 NOTE
r-release-macos-x86_64 1.0.2.1 32.00 NOTE
r-release-windows-x86_64 1.0.2.1 9.00 57.00 66.00 NOTE
r-oldrel-macos-arm64 1.0.2.1 28.00 NOTE
r-oldrel-macos-x86_64 1.0.2.1 25.00 NOTE
r-oldrel-windows-ix86+x86_64 1.0.2.1 9.00 50.00 59.00 NOTE

Check Details

Version: 1.0.2.1
Check: LazyData
Result: NOTE
     'LazyData' is specified without a 'data' directory
Flavors: r-devel-linux-x86_64-debian-clang, r-devel-linux-x86_64-debian-gcc, r-devel-linux-x86_64-fedora-clang, r-devel-linux-x86_64-fedora-gcc, r-devel-windows-x86_64, r-patched-linux-x86_64, r-release-linux-x86_64, r-release-macos-arm64, r-release-macos-x86_64, r-release-windows-x86_64, r-oldrel-macos-arm64, r-oldrel-macos-x86_64, r-oldrel-windows-ix86+x86_64

Version: 1.0.2.1
Check: package dependencies
Result: WARN
    Requires (indirectly) orphaned package: ‘gtools’
Flavors: r-devel-linux-x86_64-fedora-clang, r-devel-linux-x86_64-fedora-gcc