Last updated on 2022-05-22 21:53:56 CEST.
Flavor | Version | Tinstall | Tcheck | Ttotal | Status | Flags |
---|---|---|---|---|---|---|
r-devel-linux-x86_64-debian-clang | 0.1.2 | 3.57 | 90.10 | 93.67 | NOTE | |
r-devel-linux-x86_64-debian-gcc | 0.1.2 | 2.88 | 66.32 | 69.20 | NOTE | |
r-devel-linux-x86_64-fedora-clang | 0.1.2 | 85.09 | NOTE | |||
r-devel-linux-x86_64-fedora-gcc | 0.1.2 | 72.84 | NOTE | |||
r-devel-windows-x86_64 | 0.1.2 | 13.00 | 953.00 | 966.00 | NOTE | |
r-patched-linux-x86_64 | 0.1.2 | 3.48 | 86.07 | 89.55 | NOTE | |
r-release-linux-x86_64 | 0.1.2 | 2.27 | 86.79 | 89.06 | NOTE | |
r-release-macos-arm64 | 0.1.2 | 1051.00 | NOTE | |||
r-release-macos-x86_64 | 0.1.2 | 1110.00 | NOTE | |||
r-release-windows-x86_64 | 0.1.2 | 10.00 | 943.00 | 953.00 | NOTE | |
r-oldrel-macos-arm64 | 0.1.2 | 947.00 | NOTE | |||
r-oldrel-macos-x86_64 | 0.1.2 | 973.00 | NOTE | |||
r-oldrel-windows-ix86+x86_64 | 0.1.2 | 9.00 | 898.00 | 907.00 | NOTE |
Version: 0.1.2
Check: LazyData
Result: NOTE
'LazyData' is specified without a 'data' directory
Flavors: r-devel-linux-x86_64-debian-clang, r-devel-linux-x86_64-debian-gcc, r-devel-linux-x86_64-fedora-clang, r-devel-linux-x86_64-fedora-gcc, r-devel-windows-x86_64, r-patched-linux-x86_64, r-release-linux-x86_64, r-release-macos-arm64, r-release-macos-x86_64, r-release-windows-x86_64, r-oldrel-macos-arm64, r-oldrel-macos-x86_64, r-oldrel-windows-ix86+x86_64