CRAN Package Check Results for Package onc.api

Last updated on 2024-05-27 22:56:14 CEST.

Flavor Version Tinstall Tcheck Ttotal Status Flags
r-devel-linux-x86_64-debian-clang 2.0.1.0 5.51 34.23 39.74 NOTE
r-devel-linux-x86_64-debian-gcc 2.0.1.0 3.03 26.64 29.67 NOTE
r-devel-linux-x86_64-fedora-clang 2.0.1.0 50.76 NOTE
r-devel-linux-x86_64-fedora-gcc 2.0.1.0 47.70 NOTE
r-devel-windows-x86_64 2.0.1.0 6.00 53.00 59.00 NOTE
r-patched-linux-x86_64 2.0.1.0 3.42 32.98 36.40 NOTE
r-release-linux-x86_64 2.0.1.0 2.99 33.67 36.66 NOTE
r-release-macos-arm64 2.0.1.0 19.00 NOTE
r-release-windows-x86_64 2.0.1.0 5.00 54.00 59.00 NOTE
r-oldrel-macos-arm64 2.0.1.0 19.00 OK
r-oldrel-macos-x86_64 2.0.1.0 28.00 OK
r-oldrel-windows-x86_64 2.0.1.0 6.00 58.00 64.00 OK

Check Details

Version: 2.0.1.0
Check: Rd files
Result: NOTE checkRd: (-1) dot-discoveryRequest.Rd:15-16: Lost braces 15 | \item{service}{One of {"locations", "deployments", "deviceCategories", "devices", | ^ checkRd: (-1) dot-discoveryRequest.Rd:18: Lost braces; missing escapes or markup? 18 | \item{method}{One of {"get", "getTree"}} | ^ checkRd: (-1) dot-saveAsFile.Rd:19: Lost braces; missing escapes or markup? 19 | (numeric) Result code from {0: done, -1: error, -2: fileExists} | ^ Flavors: r-devel-linux-x86_64-debian-clang, r-devel-linux-x86_64-debian-gcc, r-devel-linux-x86_64-fedora-clang, r-devel-linux-x86_64-fedora-gcc, r-devel-windows-x86_64, r-patched-linux-x86_64, r-release-linux-x86_64, r-release-macos-arm64, r-release-windows-x86_64

Version: 2.0.1.0
Check: dependencies in R code
Result: NOTE Namespaces in Imports field not imported from: ‘crayon’ ‘testthat’ All declared Imports should be used. Flavors: r-devel-linux-x86_64-fedora-clang, r-devel-linux-x86_64-fedora-gcc