CRAN Package Check Results for Package oncoPredict

Last updated on 2021-12-03 19:50:19 CET.

Flavor Version Tinstall Tcheck Ttotal Status Flags
r-devel-linux-x86_64-debian-clang 0.2 52.26 491.89 544.15 OK
r-devel-linux-x86_64-debian-gcc 0.2 42.82 370.17 412.99 OK
r-devel-linux-x86_64-fedora-clang 0.2 671.79 NOTE
r-devel-linux-x86_64-fedora-gcc 0.2 654.90 NOTE
r-devel-windows-x86_64-new-UL 0.2 84.00 547.00 631.00 OK
r-devel-windows-x86_64-new-TK 0.2 NOTE
r-devel-windows-x86_64-old 0.2 105.00 385.00 490.00 OK
r-patched-linux-x86_64 0.2 44.95 522.56 567.51 OK
r-release-linux-x86_64 0.2 47.45 523.33 570.78 OK
r-release-macos-arm64 0.2 NOTE
r-release-macos-x86_64 0.2 NOTE
r-release-windows-ix86+x86_64 0.2 120.00 600.00 720.00 OK

Check Details

Version: 0.2
Check: dependencies in R code
Result: NOTE
    Namespaces in Imports field not imported from:
     ‘gdata’ ‘genefilter’ ‘maftools’ ‘readxl’
     All declared Imports should be used.
Flavors: r-devel-linux-x86_64-fedora-clang, r-devel-linux-x86_64-fedora-gcc, r-devel-windows-x86_64-new-TK, r-release-macos-arm64, r-release-macos-x86_64