CRAN Package Check Results for Package onlinePCA

Last updated on 2021-03-03 19:48:12 CET.

Flavor Version Tinstall Tcheck Ttotal Status Flags
r-devel-linux-x86_64-debian-clang 1.3.1 51.28 71.40 122.68 OK
r-devel-linux-x86_64-debian-gcc 1.3.1 34.94 54.91 89.85 OK
r-devel-linux-x86_64-fedora-clang 1.3.1 169.00 NOTE
r-devel-linux-x86_64-fedora-gcc 1.3.1 149.23 NOTE
r-devel-windows-ix86+x86_64 1.3.1 127.00 123.00 250.00 OK
r-patched-linux-x86_64 1.3.1 42.08 66.90 108.98 OK
r-patched-solaris-x86 1.3.1 187.40 OK
r-release-linux-x86_64 1.3.1 42.57 66.11 108.68 OK
r-release-macos-x86_64 1.3.1 OK
r-release-windows-ix86+x86_64 1.3.1 92.00 122.00 214.00 OK
r-oldrel-macos-x86_64 1.3.1 OK
r-oldrel-windows-ix86+x86_64 1.3.1 111.00 121.00 232.00 OK

Check Details

Version: 1.3.1
Check: compiled code
Result: NOTE
    File ‘onlinePCA/libs/onlinePCA.so’:
     Found no calls to: ‘R_registerRoutines’, ‘R_useDynamicSymbols’
    
    It is good practice to register native routines and to disable symbol
    search.
    
    See ‘Writing portable packages’ in the ‘Writing R Extensions’ manual.
Flavors: r-devel-linux-x86_64-fedora-clang, r-devel-linux-x86_64-fedora-gcc