CRAN Package Check Results for Package openSTARS

Last updated on 2023-02-05 19:51:22 CET.

Flavor Version Tinstall Tcheck Ttotal Status Flags
r-devel-linux-x86_64-debian-clang 1.2.3 20.62 157.21 177.83 OK
r-devel-linux-x86_64-debian-gcc 1.2.3 16.36 117.35 133.71 OK
r-devel-linux-x86_64-fedora-clang 1.2.3 211.57 NOTE
r-devel-linux-x86_64-fedora-gcc 1.2.3 217.13 OK
r-devel-windows-x86_64 1.2.3 49.00 233.00 282.00 NOTE
r-patched-linux-x86_64 1.2.3 14.62 151.95 166.57 OK
r-release-linux-x86_64 1.2.3 18.59 151.90 170.49 OK
r-release-macos-arm64 1.2.3 52.00 NOTE
r-release-macos-x86_64 1.2.3 84.00 NOTE
r-release-windows-x86_64 1.2.3 53.00 223.00 276.00 NOTE
r-oldrel-macos-arm64 1.2.3 57.00 NOTE
r-oldrel-macos-x86_64 1.2.3 75.00 NOTE
r-oldrel-windows-ix86+x86_64 1.2.3 53.00 221.00 274.00 NOTE

Additional issues

donttest

Check Details

Version: 1.2.3
Check: installed package size
Result: NOTE
     installed size is 9.4Mb
     sub-directories of 1Mb or more:
     extdata 9.0Mb
Flavors: r-devel-linux-x86_64-fedora-clang, r-devel-windows-x86_64, r-release-macos-arm64, r-release-macos-x86_64, r-release-windows-x86_64, r-oldrel-macos-arm64, r-oldrel-macos-x86_64, r-oldrel-windows-ix86+x86_64