Last updated on 2025-01-18 19:49:14 CET.
Flavor | Version | Tinstall | Tcheck | Ttotal | Status | Flags |
---|---|---|---|---|---|---|
r-devel-linux-x86_64-debian-clang | 2.18-2 | 37.06 | 202.52 | 239.58 | NOTE | |
r-devel-linux-x86_64-debian-gcc | 2.18-2 | 25.88 | 133.00 | 158.88 | NOTE | |
r-devel-linux-x86_64-fedora-clang | 2.18-2 | 385.32 | OK | |||
r-devel-linux-x86_64-fedora-gcc | 2.18-2 | 369.37 | OK | |||
r-devel-windows-x86_64 | 2.18-2 | 43.00 | 226.00 | 269.00 | NOTE | |
r-patched-linux-x86_64 | 2.18-2 | 40.97 | 185.73 | 226.70 | OK | |
r-release-linux-x86_64 | 2.18-2 | 36.01 | 185.50 | 221.51 | OK | |
r-release-macos-arm64 | 2.18-2 | 94.00 | OK | |||
r-release-macos-x86_64 | 2.18-2 | 163.00 | OK | |||
r-release-windows-x86_64 | 2.18-2 | 40.00 | 232.00 | 272.00 | OK | |
r-oldrel-macos-arm64 | 2.18-2 | 96.00 | OK | |||
r-oldrel-macos-x86_64 | 2.18-2 | 193.00 | OK | |||
r-oldrel-windows-x86_64 | 2.18-2 | 53.00 | 287.00 | 340.00 | OK |
Version: 2.18-2
Check: Rd cross-references
Result: NOTE
Found the following Rd file(s) with Rd \link{} targets missing package
anchors:
drawOpenKey.Rd: draw.colorkey
smoothTrend.Rd: gam
Please provide package anchors for all Rd \link{} targets not in the
package itself and the base packages.
Flavors: r-devel-linux-x86_64-debian-clang, r-devel-linux-x86_64-debian-gcc, r-devel-windows-x86_64