CRAN Package Check Results for Package opendotaR

Last updated on 2021-11-29 19:51:37 CET.

Flavor Version Tinstall Tcheck Ttotal Status Flags
r-devel-linux-x86_64-debian-clang 0.1.4 2.06 19.45 21.51 NOTE
r-devel-linux-x86_64-debian-gcc 0.1.4 1.59 15.70 17.29 NOTE
r-devel-linux-x86_64-fedora-clang 0.1.4 37.93 NOTE
r-devel-linux-x86_64-fedora-gcc 0.1.4 26.67 NOTE
r-devel-windows-x86_64-new-UL 0.1.4 7.00 52.00 59.00 NOTE
r-devel-windows-x86_64-new-TK 0.1.4 NOTE
r-devel-windows-x86_64-old 0.1.4 4.00 27.00 31.00 NOTE
r-patched-linux-x86_64 0.1.4 2.06 18.57 20.63 NOTE
r-patched-solaris-x86 0.1.4 42.80 NOTE
r-release-linux-x86_64 0.1.4 1.89 18.69 20.58 NOTE
r-release-macos-arm64 0.1.4 NOTE
r-release-macos-x86_64 0.1.4 NOTE
r-release-windows-ix86+x86_64 0.1.4 5.00 27.00 32.00 NOTE
r-oldrel-macos-x86_64 0.1.4 NOTE
r-oldrel-windows-ix86+x86_64 0.1.4 4.00 29.00 33.00 OK

Check Details

Version: 0.1.4
Check: LazyData
Result: NOTE
     'LazyData' is specified without a 'data' directory
Flavors: r-devel-linux-x86_64-debian-clang, r-devel-linux-x86_64-debian-gcc, r-devel-linux-x86_64-fedora-clang, r-devel-linux-x86_64-fedora-gcc, r-devel-windows-x86_64-new-UL, r-devel-windows-x86_64-new-TK, r-devel-windows-x86_64-old, r-patched-linux-x86_64, r-patched-solaris-x86, r-release-linux-x86_64, r-release-macos-arm64, r-release-macos-x86_64, r-release-windows-ix86+x86_64

Version: 0.1.4
Check: dependencies in R code
Result: NOTE
    Namespace in Imports field not imported from: ‘dplyr’
     All declared Imports should be used.
Flavors: r-devel-linux-x86_64-fedora-clang, r-devel-linux-x86_64-fedora-gcc, r-devel-windows-x86_64-new-TK, r-patched-solaris-x86, r-release-macos-arm64, r-release-macos-x86_64, r-oldrel-macos-x86_64