CRAN Package Check Results for Package oppr

Last updated on 2024-03-03 19:56:29 CET.

Flavor Version Tinstall Tcheck Ttotal Status Flags
r-devel-linux-x86_64-debian-clang 1.0.4 255.78 186.02 441.80 NOTE
r-devel-linux-x86_64-debian-gcc 1.0.4 201.23 140.54 341.77 NOTE
r-devel-linux-x86_64-fedora-clang 1.0.4 684.58 NOTE
r-devel-linux-x86_64-fedora-gcc 1.0.4 558.48 NOTE
r-devel-windows-x86_64 1.0.4 188.00 195.00 383.00 NOTE
r-patched-linux-x86_64 1.0.4 246.75 181.09 427.84 NOTE
r-release-linux-x86_64 1.0.4 182.49 179.90 362.39 NOTE
r-release-macos-arm64 1.0.4 155.00 NOTE
r-release-macos-x86_64 1.0.4 295.00 NOTE
r-release-windows-x86_64 1.0.4 247.00 240.00 487.00 NOTE
r-oldrel-macos-arm64 1.0.4 138.00 NOTE
r-oldrel-windows-x86_64 1.0.4 242.00 215.00 457.00 NOTE

Check Details

Version: 1.0.4
Check: package dependencies
Result: NOTE Packages suggested but not available for checking: 'gurobi', 'ggtree' Flavor: r-devel-linux-x86_64-debian-clang

Version: 1.0.4
Check: C++ specification
Result: NOTE Specified C++11: please drop specification unless essential Flavors: r-devel-linux-x86_64-debian-clang, r-devel-linux-x86_64-debian-gcc, r-devel-linux-x86_64-fedora-clang, r-devel-linux-x86_64-fedora-gcc, r-devel-windows-x86_64, r-patched-linux-x86_64, r-release-linux-x86_64, r-release-macos-arm64, r-release-macos-x86_64, r-release-windows-x86_64

Version: 1.0.4
Check: package dependencies
Result: NOTE Package suggested but not available for checking: ‘gurobi’ Flavors: r-devel-linux-x86_64-debian-gcc, r-devel-linux-x86_64-fedora-clang, r-devel-linux-x86_64-fedora-gcc, r-devel-windows-x86_64, r-patched-linux-x86_64, r-release-linux-x86_64, r-release-macos-x86_64, r-release-windows-x86_64, r-oldrel-macos-arm64, r-oldrel-windows-x86_64

Version: 1.0.4
Check: package dependencies
Result: NOTE Packages suggested but not available for checking: 'gurobi', 'lpsymphony' Flavor: r-release-macos-arm64

Version: 1.0.4
Check: installed package size
Result: NOTE installed size is 8.2Mb sub-directories of 1Mb or more: libs 6.6Mb Flavors: r-release-macos-arm64, r-release-macos-x86_64, r-oldrel-macos-arm64