Last updated on 2023-03-22 19:53:32 CET.
Flavor | Version | Tinstall | Tcheck | Ttotal | Status | Flags |
---|---|---|---|---|---|---|
r-devel-linux-x86_64-debian-clang | 2.0.6 | 190.47 | 289.62 | 480.09 | OK | |
r-devel-linux-x86_64-debian-gcc | 2.0.6 | 142.96 | 221.45 | 364.41 | OK | |
r-devel-linux-x86_64-fedora-clang | 2.0.6 | 652.49 | NOTE | |||
r-devel-linux-x86_64-fedora-gcc | 2.0.6 | 592.49 | OK | |||
r-patched-linux-x86_64 | 2.0.6 | 149.35 | 265.36 | 414.71 | OK | |
r-release-linux-x86_64 | 2.0.6 | 131.85 | 270.80 | 402.65 | OK | |
r-release-macos-arm64 | 2.0.6 | 129.00 | NOTE | |||
r-release-macos-x86_64 | 2.0.6 | 200.00 | NOTE | |||
r-release-windows-x86_64 | 2.0.6 | 184.00 | 340.00 | 524.00 | OK | |
r-oldrel-macos-arm64 | 2.0.6 | 143.00 | NOTE | |||
r-oldrel-macos-x86_64 | 2.0.6 | 201.00 | NOTE | |||
r-oldrel-windows-ix86+x86_64 | 2.0.6 | 429.00 | 408.00 | 837.00 | NOTE |
Version: 2.0.6
Check: Rd cross-references
Result: NOTE
Undeclared packages ‘alabama’, ‘cccp’, ‘nloptr’ in Rd xrefs
Flavor: r-devel-linux-x86_64-fedora-clang
Version: 2.0.6
Check: installed package size
Result: NOTE
installed size is 6.3Mb
sub-directories of 1Mb or more:
extdata 1.8Mb
libs 3.4Mb
Flavors: r-release-macos-arm64, r-release-macos-x86_64, r-oldrel-macos-arm64, r-oldrel-macos-x86_64, r-oldrel-windows-ix86+x86_64