CRAN Package Check Results for Package optiSolve

Last updated on 2023-02-06 19:54:30 CET.

Flavor Version Tinstall Tcheck Ttotal Status Flags
r-devel-linux-x86_64-debian-clang 1.0 10.52 96.96 107.48 OK
r-devel-linux-x86_64-debian-gcc 1.0 8.79 75.24 84.03 OK
r-devel-linux-x86_64-fedora-clang 1.0 140.60 NOTE
r-devel-linux-x86_64-fedora-gcc 1.0 130.51 NOTE
r-devel-windows-x86_64 1.0 38.00 124.00 162.00 OK
r-patched-linux-x86_64 1.0 10.65 93.90 104.55 OK
r-release-linux-x86_64 1.0 10.00 98.32 108.32 OK
r-release-macos-arm64 1.0 44.00 NOTE
r-release-macos-x86_64 1.0 73.00 NOTE
r-release-windows-x86_64 1.0 34.00 130.00 164.00 OK
r-oldrel-macos-arm64 1.0 54.00 NOTE
r-oldrel-macos-x86_64 1.0 55.00 NOTE
r-oldrel-windows-ix86+x86_64 1.0 23.00 125.00 148.00 OK

Check Details

Version: 1.0
Check: dependencies in R code
Result: NOTE
    Namespace in Imports field not imported from: ‘Matrix’
     All declared Imports should be used.
Flavors: r-devel-linux-x86_64-fedora-clang, r-devel-linux-x86_64-fedora-gcc, r-release-macos-arm64, r-release-macos-x86_64, r-oldrel-macos-arm64, r-oldrel-macos-x86_64