CRAN Package Check Results for Package opticut

Last updated on 2024-04-17 21:56:04 CEST.

Flavor Version Tinstall Tcheck Ttotal Status Flags
r-devel-linux-x86_64-debian-clang 0.1-2 11.44 97.05 108.49 NOTE
r-devel-linux-x86_64-debian-gcc 0.1-2 8.15 70.23 78.38 NOTE
r-devel-linux-x86_64-fedora-clang 0.1-2 131.67 NOTE
r-devel-linux-x86_64-fedora-gcc 0.1-2 123.79 NOTE
r-prerel-macos-arm64 0.1-2 38.00 NOTE
r-prerel-windows-x86_64 0.1-2 10.00 84.00 94.00 NOTE
r-patched-linux-x86_64 0.1-2 13.35 92.44 105.79 NOTE
r-release-linux-x86_64 0.1-2 11.97 93.55 105.52 OK
r-release-macos-arm64 0.1-2 40.00 OK
r-release-macos-x86_64 0.1-2 69.00 OK
r-release-windows-x86_64 0.1-2 14.00 104.00 118.00 OK
r-oldrel-macos-arm64 0.1-2 36.00 OK
r-oldrel-windows-x86_64 0.1-2 13.00 105.00 118.00 OK

Check Details

Version: 0.1-2
Check: Rd files
Result: NOTE checkRd: (-1) lorenz.Rd:82: Lost braces; missing escapes or markup? 82 | L_i = sum_{j=1}^{i} x_j * n_j / sum_{j=1}^{n} x_j * n_j. | ^ checkRd: (-1) lorenz.Rd:82: Lost braces; missing escapes or markup? 82 | L_i = sum_{j=1}^{i} x_j * n_j / sum_{j=1}^{n} x_j * n_j. | ^ checkRd: (-1) lorenz.Rd:82: Lost braces; missing escapes or markup? 82 | L_i = sum_{j=1}^{i} x_j * n_j / sum_{j=1}^{n} x_j * n_j. | ^ checkRd: (-1) lorenz.Rd:82: Lost braces; missing escapes or markup? 82 | L_i = sum_{j=1}^{i} x_j * n_j / sum_{j=1}^{n} x_j * n_j. | ^ checkRd: (-1) lorenz.Rd:83: Lost braces; missing escapes or markup? 83 | where x_i are indexed in non-decreasing order (x_i <= x_{i+1}). | ^ Flavors: r-devel-linux-x86_64-debian-clang, r-devel-linux-x86_64-debian-gcc, r-devel-linux-x86_64-fedora-clang, r-devel-linux-x86_64-fedora-gcc, r-prerel-macos-arm64, r-prerel-windows-x86_64, r-patched-linux-x86_64